{"id":13466,"date":"2025-04-09T16:48:14","date_gmt":"2025-04-09T14:48:14","guid":{"rendered":"https:\/\/luciennelaparisienne.fr\/?post_type=product&#038;p=13466"},"modified":"2026-04-15T19:46:51","modified_gmt":"2026-04-15T17:46:51","slug":"housse-ete-pour-sac","status":"publish","type":"product","link":"https:\/\/luciennelaparisienne.fr\/en\/product\/housse-ete-pour-sac\/","title":{"rendered":"Housse \u00e9t\u00e9 pour sac en coton Vichy"},"content":{"rendered":"<p>Summer covers available for our bags. If you already own one of our bags, you can easily swap the fur cover for a cotton cover in your preferred color.<\/p>\n<p>The cover features a durable lining and a foam-reinforced bottom for added comfort, ensuring a soft and supportive bed for your pet inside the bag.<\/p>\n<p>Crafted from a lightweight, natural material, this cover offers a breathable, cool alternative to fur covers, ensuring your dog stays comfortable during the warmer months.<\/p>\n<p><strong>Features<\/strong><strong>\u202f:<\/strong><strong>\u00a0\u00a0<\/strong><\/p>\n<p>Couleurs: Vichy bleu marine, vichy jaune, vichy rose, vichy rouge ainsi que carreaux beiges.<\/p>\n<p>Fabric: Cotton.<\/p>\n<p><strong>Care Instructions:<\/strong><strong>\u202f:<\/strong><strong>\u00a0\u00a0<\/strong><\/p>\n<p>Hand wash or machine wash at 30\u00b0C. Gentle spin and drying, do not dry clean, do not bleach.<\/p>\n<p><strong>Size\u00a0<\/strong>: M, L, XL<\/p>\n<p>Size XL is made on pre-order and after payment.<\/p>\n<p>Custom orders are available, thank you for <a href=\"https:\/\/luciennelaparisienne.fr\/contactez-nous\/\"><strong>contacting us via the Contact section<\/strong><\/a>.<\/p>","protected":false},"excerpt":{"rendered":"<p>Nous vous proposons les housses d&rsquo;\u00e9t\u00e9 pour les sacs. Si vous avez d\u00e9j\u00e0 nos sacs vous pouvez remplacer la housse fourrure par la housse en coton de votre choix. La housse est doubl\u00e9 par une mati\u00e8re solide, au fond la housse est renforc\u00e9e par la mousse pour adoucir le couchage [&hellip;]<\/p>","protected":false},"featured_media":17173,"comment_status":"open","ping_status":"closed","template":"","meta":{"inline_featured_image":false},"product_brand":[],"product_cat":[70,155],"product_tag":[],"class_list":{"0":"post-13466","1":"product","2":"type-product","3":"status-publish","4":"has-post-thumbnail","6":"product_cat-pour-nos-teckels","7":"product_cat-sacs","9":"first","10":"instock","11":"taxable","12":"shipping-taxable","13":"purchasable","14":"product-type-variable"},"yoast_head":"<!-- This site is optimized with the Yoast SEO plugin v26.6 - https:\/\/yoast.com\/wordpress\/plugins\/seo\/ -->\n<title>Housse \u00e9t\u00e9 pour sac en coton Vichy - Lucienne la Parisienne<\/title>\n<meta name=\"robots\" content=\"index, follow, max-snippet:-1, max-image-preview:large, max-video-preview:-1\" \/>\n<link rel=\"canonical\" href=\"https:\/\/luciennelaparisienne.fr\/en\/product\/housse-ete-pour-sac\/\" \/>\n<meta property=\"og:locale\" content=\"en_GB\" \/>\n<meta property=\"og:type\" content=\"article\" \/>\n<meta property=\"og:title\" content=\"Housse \u00e9t\u00e9 pour sac en coton Vichy - Lucienne la Parisienne\" \/>\n<meta property=\"og:description\" content=\"Nous vous proposons les housses d&rsquo;\u00e9t\u00e9 pour les sacs. Si vous avez d\u00e9j\u00e0 nos sacs vous pouvez remplacer la housse fourrure par la housse en coton de votre choix. La housse est doubl\u00e9 par une mati\u00e8re solide, au fond la housse est renforc\u00e9e par la mousse pour adoucir le couchage [&hellip;]\" \/>\n<meta property=\"og:url\" content=\"https:\/\/luciennelaparisienne.fr\/en\/product\/housse-ete-pour-sac\/\" \/>\n<meta property=\"og:site_name\" content=\"Lucienne la Parisienne\" \/>\n<meta property=\"article:modified_time\" content=\"2026-04-15T17:46:51+00:00\" \/>\n<meta property=\"og:image\" content=\"https:\/\/luciennelaparisienne.fr\/wp-content\/uploads\/2025\/04\/DSC05650-3.jpg\" \/>\n\t<meta property=\"og:image:width\" content=\"1000\" \/>\n\t<meta property=\"og:image:height\" content=\"1000\" \/>\n\t<meta property=\"og:image:type\" content=\"image\/jpeg\" \/>\n<meta name=\"twitter:card\" content=\"summary_large_image\" \/>\n<meta name=\"twitter:label1\" content=\"Estimated reading time\" \/>\n\t<meta name=\"twitter:data1\" content=\"1 minute\" \/>\n<script type=\"application\/ld+json\" class=\"yoast-schema-graph\">{\"@context\":\"https:\/\/schema.org\",\"@graph\":[{\"@type\":\"WebPage\",\"@id\":\"https:\/\/luciennelaparisienne.fr\/produit\/housse-ete-pour-sac\/\",\"url\":\"https:\/\/luciennelaparisienne.fr\/produit\/housse-ete-pour-sac\/\",\"name\":\"Housse \u00e9t\u00e9 pour sac en coton Vichy - Lucienne la Parisienne\",\"isPartOf\":{\"@id\":\"https:\/\/luciennelaparisienne.fr\/#website\"},\"primaryImageOfPage\":{\"@id\":\"https:\/\/luciennelaparisienne.fr\/produit\/housse-ete-pour-sac\/#primaryimage\"},\"image\":{\"@id\":\"https:\/\/luciennelaparisienne.fr\/produit\/housse-ete-pour-sac\/#primaryimage\"},\"thumbnailUrl\":\"https:\/\/luciennelaparisienne.fr\/wp-content\/uploads\/2025\/04\/DSC05650-3.jpg\",\"datePublished\":\"2025-04-09T14:48:14+00:00\",\"dateModified\":\"2026-04-15T17:46:51+00:00\",\"breadcrumb\":{\"@id\":\"https:\/\/luciennelaparisienne.fr\/produit\/housse-ete-pour-sac\/#breadcrumb\"},\"inLanguage\":\"en-GB\",\"potentialAction\":[{\"@type\":\"ReadAction\",\"target\":[\"https:\/\/luciennelaparisienne.fr\/produit\/housse-ete-pour-sac\/\"]}]},{\"@type\":\"ImageObject\",\"inLanguage\":\"en-GB\",\"@id\":\"https:\/\/luciennelaparisienne.fr\/produit\/housse-ete-pour-sac\/#primaryimage\",\"url\":\"https:\/\/luciennelaparisienne.fr\/wp-content\/uploads\/2025\/04\/DSC05650-3.jpg\",\"contentUrl\":\"https:\/\/luciennelaparisienne.fr\/wp-content\/uploads\/2025\/04\/DSC05650-3.jpg\",\"width\":1000,\"height\":1000},{\"@type\":\"BreadcrumbList\",\"@id\":\"https:\/\/luciennelaparisienne.fr\/produit\/housse-ete-pour-sac\/#breadcrumb\",\"itemListElement\":[{\"@type\":\"ListItem\",\"position\":1,\"name\":\"Accueil\",\"item\":\"https:\/\/luciennelaparisienne.fr\/\"},{\"@type\":\"ListItem\",\"position\":2,\"name\":\"Boutique\",\"item\":\"https:\/\/luciennelaparisienne.fr\/shop\/\"},{\"@type\":\"ListItem\",\"position\":3,\"name\":\"Housse \u00e9t\u00e9 pour sac en coton Vichy\"}]},{\"@type\":\"WebSite\",\"@id\":\"https:\/\/luciennelaparisienne.fr\/#website\",\"url\":\"https:\/\/luciennelaparisienne.fr\/\",\"name\":\"Lucienne la Parisienne\",\"description\":\"Produits pour Teckels\",\"potentialAction\":[{\"@type\":\"SearchAction\",\"target\":{\"@type\":\"EntryPoint\",\"urlTemplate\":\"https:\/\/luciennelaparisienne.fr\/?s={search_term_string}\"},\"query-input\":{\"@type\":\"PropertyValueSpecification\",\"valueRequired\":true,\"valueName\":\"search_term_string\"}}],\"inLanguage\":\"en-GB\"}]}<\/script>\n<!-- \/ Yoast SEO plugin. -->","yoast_head_json":{"title":"Housse \u00e9t\u00e9 pour sac en coton Vichy - Lucienne la Parisienne","robots":{"index":"index","follow":"follow","max-snippet":"max-snippet:-1","max-image-preview":"max-image-preview:large","max-video-preview":"max-video-preview:-1"},"canonical":"https:\/\/luciennelaparisienne.fr\/en\/product\/housse-ete-pour-sac\/","og_locale":"en_GB","og_type":"article","og_title":"Housse \u00e9t\u00e9 pour sac en coton Vichy - Lucienne la Parisienne","og_description":"Nous vous proposons les housses d&rsquo;\u00e9t\u00e9 pour les sacs. Si vous avez d\u00e9j\u00e0 nos sacs vous pouvez remplacer la housse fourrure par la housse en coton de votre choix. La housse est doubl\u00e9 par une mati\u00e8re solide, au fond la housse est renforc\u00e9e par la mousse pour adoucir le couchage [&hellip;]","og_url":"https:\/\/luciennelaparisienne.fr\/en\/product\/housse-ete-pour-sac\/","og_site_name":"Lucienne la Parisienne","article_modified_time":"2026-04-15T17:46:51+00:00","og_image":[{"width":1000,"height":1000,"url":"https:\/\/luciennelaparisienne.fr\/wp-content\/uploads\/2025\/04\/DSC05650-3.jpg","type":"image\/jpeg"}],"twitter_card":"summary_large_image","twitter_misc":{"Estimated reading time":"1 minute"},"schema":{"@context":"https:\/\/schema.org","@graph":[{"@type":"WebPage","@id":"https:\/\/luciennelaparisienne.fr\/produit\/housse-ete-pour-sac\/","url":"https:\/\/luciennelaparisienne.fr\/produit\/housse-ete-pour-sac\/","name":"Housse \u00e9t\u00e9 pour sac en coton Vichy - Lucienne la Parisienne","isPartOf":{"@id":"https:\/\/luciennelaparisienne.fr\/#website"},"primaryImageOfPage":{"@id":"https:\/\/luciennelaparisienne.fr\/produit\/housse-ete-pour-sac\/#primaryimage"},"image":{"@id":"https:\/\/luciennelaparisienne.fr\/produit\/housse-ete-pour-sac\/#primaryimage"},"thumbnailUrl":"https:\/\/luciennelaparisienne.fr\/wp-content\/uploads\/2025\/04\/DSC05650-3.jpg","datePublished":"2025-04-09T14:48:14+00:00","dateModified":"2026-04-15T17:46:51+00:00","breadcrumb":{"@id":"https:\/\/luciennelaparisienne.fr\/produit\/housse-ete-pour-sac\/#breadcrumb"},"inLanguage":"en-GB","potentialAction":[{"@type":"ReadAction","target":["https:\/\/luciennelaparisienne.fr\/produit\/housse-ete-pour-sac\/"]}]},{"@type":"ImageObject","inLanguage":"en-GB","@id":"https:\/\/luciennelaparisienne.fr\/produit\/housse-ete-pour-sac\/#primaryimage","url":"https:\/\/luciennelaparisienne.fr\/wp-content\/uploads\/2025\/04\/DSC05650-3.jpg","contentUrl":"https:\/\/luciennelaparisienne.fr\/wp-content\/uploads\/2025\/04\/DSC05650-3.jpg","width":1000,"height":1000},{"@type":"BreadcrumbList","@id":"https:\/\/luciennelaparisienne.fr\/produit\/housse-ete-pour-sac\/#breadcrumb","itemListElement":[{"@type":"ListItem","position":1,"name":"Accueil","item":"https:\/\/luciennelaparisienne.fr\/"},{"@type":"ListItem","position":2,"name":"Boutique","item":"https:\/\/luciennelaparisienne.fr\/shop\/"},{"@type":"ListItem","position":3,"name":"Housse \u00e9t\u00e9 pour sac en coton Vichy"}]},{"@type":"WebSite","@id":"https:\/\/luciennelaparisienne.fr\/#website","url":"https:\/\/luciennelaparisienne.fr\/","name":"Lucienne la Parisienne","description":"Produits pour Teckels","potentialAction":[{"@type":"SearchAction","target":{"@type":"EntryPoint","urlTemplate":"https:\/\/luciennelaparisienne.fr\/?s={search_term_string}"},"query-input":{"@type":"PropertyValueSpecification","valueRequired":true,"valueName":"search_term_string"}}],"inLanguage":"en-GB"}]}},"_links":{"self":[{"href":"https:\/\/luciennelaparisienne.fr\/en\/wp-json\/wp\/v2\/product\/13466","targetHints":{"allow":["GET"]}}],"collection":[{"href":"https:\/\/luciennelaparisienne.fr\/en\/wp-json\/wp\/v2\/product"}],"about":[{"href":"https:\/\/luciennelaparisienne.fr\/en\/wp-json\/wp\/v2\/types\/product"}],"replies":[{"embeddable":true,"href":"https:\/\/luciennelaparisienne.fr\/en\/wp-json\/wp\/v2\/comments?post=13466"}],"wp:featuredmedia":[{"embeddable":true,"href":"https:\/\/luciennelaparisienne.fr\/en\/wp-json\/wp\/v2\/media\/17173"}],"wp:attachment":[{"href":"https:\/\/luciennelaparisienne.fr\/en\/wp-json\/wp\/v2\/media?parent=13466"}],"wp:term":[{"taxonomy":"product_brand","embeddable":true,"href":"https:\/\/luciennelaparisienne.fr\/en\/wp-json\/wp\/v2\/product_brand?post=13466"},{"taxonomy":"product_cat","embeddable":true,"href":"https:\/\/luciennelaparisienne.fr\/en\/wp-json\/wp\/v2\/product_cat?post=13466"},{"taxonomy":"product_tag","embeddable":true,"href":"https:\/\/luciennelaparisienne.fr\/en\/wp-json\/wp\/v2\/product_tag?post=13466"}],"curies":[{"name":"wp","href":"https:\/\/api.w.org\/{rel}","templated":true}]}}

Housse été pour sac en coton Vichy

<p>Nous vous proposons les housses d&rsquo;été pour les sacs. Si vous avez déjà nos sacs vous pouvez remplacer la housse fourrure par la housse en coton de votre choix. La housse est doublé par une matière solide, au fond la housse est renforcée par la mousse pour adoucir le couchage [&hellip;]</p>

<!-- This site is optimized with the Yoast SEO plugin v26.6 - https://yoast.com/wordpress/plugins/seo/ -->
<title>Housse été pour sac en coton Vichy - Lucienne la Parisienne</title>
<meta name="robots" content="index, follow, max-snippet:-1, max-image-preview:large, max-video-preview:-1" />
<link rel="canonical" href="https://luciennelaparisienne.fr/en/product/housse-ete-pour-sac/" />
<meta property="og:locale" content="en_GB" />
<meta property="og:type" content="article" />
<meta property="og:title" content="Housse été pour sac en coton Vichy - Lucienne la Parisienne" />
<meta property="og:description" content="Nous vous proposons les housses d&rsquo;été pour les sacs. Si vous avez déjà nos sacs vous pouvez remplacer la housse fourrure par la housse en coton de votre choix. La housse est doublé par une matière solide, au fond la housse est renforcée par la mousse pour adoucir le couchage [&hellip;]" />
<meta property="og:url" content="https://luciennelaparisienne.fr/en/product/housse-ete-pour-sac/" />
<meta property="og:site_name" content="Lucienne la Parisienne" />
<meta property="article:modified_time" content="2026-04-15T17:46:51+00:00" />
<meta property="og:image" content="https://luciennelaparisienne.fr/wp-content/uploads/2025/04/DSC05650-3.jpg" />
	<meta property="og:image:width" content="1000" />
	<meta property="og:image:height" content="1000" />
	<meta property="og:image:type" content="image/jpeg" />
<meta name="twitter:card" content="summary_large_image" />
<meta name="twitter:label1" content="Estimated reading time" />
	<meta name="twitter:data1" content="1 minute" />
<script type="application/ld+json" class="yoast-schema-graph">{"@context":"https://schema.org","@graph":[{"@type":"WebPage","@id":"https://luciennelaparisienne.fr/produit/housse-ete-pour-sac/","url":"https://luciennelaparisienne.fr/produit/housse-ete-pour-sac/","name":"Housse été pour sac en coton Vichy - Lucienne la Parisienne","isPartOf":{"@id":"https://luciennelaparisienne.fr/#website"},"primaryImageOfPage":{"@id":"https://luciennelaparisienne.fr/produit/housse-ete-pour-sac/#primaryimage"},"image":{"@id":"https://luciennelaparisienne.fr/produit/housse-ete-pour-sac/#primaryimage"},"thumbnailUrl":"https://luciennelaparisienne.fr/wp-content/uploads/2025/04/DSC05650-3.jpg","datePublished":"2025-04-09T14:48:14+00:00","dateModified":"2026-04-15T17:46:51+00:00","breadcrumb":{"@id":"https://luciennelaparisienne.fr/produit/housse-ete-pour-sac/#breadcrumb"},"inLanguage":"en-GB","potentialAction":[{"@type":"ReadAction","target":["https://luciennelaparisienne.fr/produit/housse-ete-pour-sac/"]}]},{"@type":"ImageObject","inLanguage":"en-GB","@id":"https://luciennelaparisienne.fr/produit/housse-ete-pour-sac/#primaryimage","url":"https://luciennelaparisienne.fr/wp-content/uploads/2025/04/DSC05650-3.jpg","contentUrl":"https://luciennelaparisienne.fr/wp-content/uploads/2025/04/DSC05650-3.jpg","width":1000,"height":1000},{"@type":"BreadcrumbList","@id":"https://luciennelaparisienne.fr/produit/housse-ete-pour-sac/#breadcrumb","itemListElement":[{"@type":"ListItem","position":1,"name":"Accueil","item":"https://luciennelaparisienne.fr/"},{"@type":"ListItem","position":2,"name":"Boutique","item":"https://luciennelaparisienne.fr/shop/"},{"@type":"ListItem","position":3,"name":"Housse été pour sac en coton Vichy"}]},{"@type":"WebSite","@id":"https://luciennelaparisienne.fr/#website","url":"https://luciennelaparisienne.fr/","name":"Lucienne la Parisienne","description":"Produits pour Teckels","potentialAction":[{"@type":"SearchAction","target":{"@type":"EntryPoint","urlTemplate":"https://luciennelaparisienne.fr/?s={search_term_string}"},"query-input":{"@type":"PropertyValueSpecification","valueRequired":true,"valueName":"search_term_string"}}],"inLanguage":"en-GB"}]}</script>
<!-- / Yoast SEO plugin. -->

Housse été pour sac en coton Vichy - Lucienne la Parisienne

Nous vous proposons les housses d&rsquo;été pour les sacs. Si vous avez déjà nos sacs vous pouvez remplacer la housse fourrure par la housse en coton de votre choix. La housse est doublé par une matière solide, au fond la housse est renforcée par la mousse pour adoucir le couchage [&hellip;]
