{"id":19336,"date":"2026-09-03T20:08:29","date_gmt":"2026-09-03T18:08:29","guid":{"rendered":"https:\/\/luciennelaparisienne.fr\/?post_type=product&#038;p=19336"},"modified":"2026-09-03T23:10:24","modified_gmt":"2026-09-03T21:10:24","slug":"sac-de-voyage-pour-teckel","status":"publish","type":"product","link":"https:\/\/luciennelaparisienne.fr\/en\/product\/sac-de-voyage-pour-teckel\/","title":{"rendered":"Sac de voyage pour teckel"},"content":{"rendered":"<p><b>Sac de voyage<\/b><br \/>\n<span style=\"font-size: 10pt;\"><span style=\"font-weight: 400;\">NEW!! <\/span><\/span><span style=\"font-weight: 400; font-size: 10pt;\">Notre sac de voyage iconique \u00e9volue pour vous accompagner encore plus facilement au quotidien et en voyage. <\/span><span style=\"font-weight: 400; font-size: 10pt;\">Cette nouvelle version int\u00e8gre d\u00e9sormais un syst\u00e8me de fixation pour valise, id\u00e9al pour les d\u00e9placements en train et lors de vos week-ends, ainsi que de nouvelles anses courtes \u00e9l\u00e9gantes qui permettent de porter le sac comme un v\u00e9ritable sac \u00e0 main.<\/span><br \/>\n<span style=\"font-weight: 400; font-size: 10pt;\">Le sac de voyage devient vite indispensable si vous aimez emmener votre teckel avec vous, que ce soit en ville, en voyage ou lors de vos sorties. Parce que nous savons que les teckels aiment \u00eatre partout avec leurs ma\u00eetres, nous avons con\u00e7u un sac qui allie confort, praticit\u00e9 et \u00e9l\u00e9gance, aussi bien pour votre compagnon que pour vous.\u00a0<\/span><\/p>\n<p><strong>Features<\/strong><strong>\u202f:<\/strong><br \/>\n<span style=\"font-size: 10pt;\"><span style=\"font-weight: 400;\">Le sac est dot\u00e9 d\u2019une housse r<\/span><\/span><span style=\"font-weight: 400; font-size: 10pt;\">\u00e9versible qui peut \u00eatre utilis\u00e9e de deux cot\u00e9s : c\u00f4t\u00e9 fausse fourrure ou c\u00f4t\u00e9 daim. <span style=\"font-size: 10pt;\"><span style=\"font-weight: 400;\">Cette mati\u00e8re de grande r\u00e9sistance est id\u00e9ale pour un usage quotidien. <\/span><\/span>La housse est \u00e9galement amovible et peut \u00eatre remplac\u00e9e selon la saison par une version \u00e9t\u00e9 ou une housse hiver en fourrure synth\u00e9tique de tr\u00e8s haute qualit\u00e9. <\/span><span style=\"font-weight: 400; font-size: 10pt;\">The wide, flat handles ensure it is comfortable to carry over the shoulder.<\/span><br \/>\n<span style=\"font-weight: 400; font-size: 10pt;\">The carrier also includes:<\/span><\/p>\n<ul>\n<li style=\"font-weight: 400;\" aria-level=\"1\"><span style=\"font-weight: 400; font-size: 10pt;\">a large zipped pocket for your essentials<\/span><\/li>\n<li style=\"font-weight: 400;\" aria-level=\"1\"><span style=\"font-weight: 400; font-size: 10pt;\">a nylon shoulder strap for added convenience<\/span><\/li>\n<li style=\"font-weight: 400;\" aria-level=\"1\"><span style=\"font-weight: 400; font-size: 10pt;\">a secure zip fastening<\/span><\/li>\n<li style=\"font-weight: 400;\" aria-level=\"1\"><span style=\"font-weight: 400; font-size: 10pt;\">an internal strap to secure your dog safely<\/span><\/li>\n<li style=\"font-weight: 400;\" aria-level=\"1\"><span style=\"font-weight: 400; font-size: 10pt;\">a small round bag, ideal for treats or poo bags<\/span><\/li>\n<li aria-level=\"1\"><span style=\"font-size: 10pt;\">housse r\u00e9versible<\/span><\/li>\n<\/ul>\n<p><span style=\"font-size: 10pt;\">Couleur: Kaki, Noire\u00a0<\/span><br \/>\n<span style=\"font-size: 10pt;\">Fabric: Waterproof polyester<\/span><br \/>\n<span style=\"font-size: 10pt;\">Housse r\u00e9versible en fausse fourrure.\u00a0Il est possible d&rsquo;acheter la housse version \u00e9t\u00e9 en coton ou version hiver en fourrure pour chaque taille.<\/span><\/p>\n<p><strong>Care Instructions:<\/strong><strong>\u202f:<\/strong> <span style=\"font-weight: 400; font-size: 10pt;\">All our covers are machine washable, making them easy and convenient to care for. Summer and winter covers are sold separately on our website. <\/span><span style=\"font-size: 10pt;\">Hand wash or machine wash at 30\u00b0C. Gentle spin, do not dry clean, do not bleach. Do not iron!<\/span><\/p>\n<p><strong>Available in sizes:<\/strong>:<\/p>\n<p>T1 : 50 cm longueur du sac, 45cm longueur du fond\u00a0 (kaninchens et nains jusqu\u2019au 6kg)<br \/>\nT2 : 55 cm longueur du sac, 50 cm longueur du fond (petit standards 8 kg ou deux kaninchens)<br \/>\nT3 : 57 cm longueur du sac, 55 cm longueur du fond (standards 9kg+ ou\u00a0 deux nains)<\/p>\n<p><em>Custom orders are available, thank you for\u00a0<a href=\"https:\/\/luciennelaparisienne.fr\/contactez-nous\/\"><strong>contacting us via the Contact section<\/strong><\/a><\/em><\/p>","protected":false},"excerpt":{"rendered":"<p>Sac de voyage NOUVEAUT\u00c9 !! Notre sac de voyage iconique \u00e9volue pour vous accompagner encore plus facilement au quotidien et en voyage. Cette nouvelle version int\u00e8gre d\u00e9sormais un syst\u00e8me de fixation pour valise, id\u00e9al pour les d\u00e9placements en train et lors de vos week-ends, ainsi que de nouvelles anses courtes [&hellip;]<\/p>","protected":false},"featured_media":17965,"comment_status":"open","ping_status":"closed","template":"","meta":{"inline_featured_image":false},"product_brand":[],"product_cat":[70,155],"product_tag":[],"class_list":["post-19336","product","type-product","status-publish","has-post-thumbnail","product_cat-pour-nos-teckels","product_cat-sacs","first","instock","featured","taxable","shipping-taxable","purchasable","product-type-variable"],"yoast_head":"<!-- This site is optimized with the Yoast SEO plugin v26.6 - https:\/\/yoast.com\/wordpress\/plugins\/seo\/ -->\n<title>Sac de voyage pour teckel - Lucienne la Parisienne<\/title>\n<meta name=\"robots\" content=\"index, follow, max-snippet:-1, max-image-preview:large, max-video-preview:-1\" \/>\n<link rel=\"canonical\" href=\"https:\/\/luciennelaparisienne.fr\/en\/product\/sac-de-voyage-pour-teckel\/\" \/>\n<meta property=\"og:locale\" content=\"en_GB\" \/>\n<meta property=\"og:type\" content=\"article\" \/>\n<meta property=\"og:title\" content=\"Sac de voyage pour teckel - Lucienne la Parisienne\" \/>\n<meta property=\"og:description\" content=\"Sac de voyage NOUVEAUT\u00c9 !! Notre sac de voyage iconique \u00e9volue pour vous accompagner encore plus facilement au quotidien et en voyage. Cette nouvelle version int\u00e8gre d\u00e9sormais un syst\u00e8me de fixation pour valise, id\u00e9al pour les d\u00e9placements en train et lors de vos week-ends, ainsi que de nouvelles anses courtes [&hellip;]\" \/>\n<meta property=\"og:url\" content=\"https:\/\/luciennelaparisienne.fr\/en\/product\/sac-de-voyage-pour-teckel\/\" \/>\n<meta property=\"og:site_name\" content=\"Lucienne la Parisienne\" \/>\n<meta property=\"article:modified_time\" content=\"2026-09-03T21:10:24+00:00\" \/>\n<meta property=\"og:image\" content=\"https:\/\/luciennelaparisienne.fr\/wp-content\/uploads\/2026\/06\/Emiliya-Sultan-66052026-1.jpg\" \/>\n\t<meta property=\"og:image:width\" content=\"1000\" \/>\n\t<meta property=\"og:image:height\" content=\"1000\" \/>\n\t<meta property=\"og:image:type\" content=\"image\/jpeg\" \/>\n<meta name=\"twitter:card\" content=\"summary_large_image\" \/>\n<meta name=\"twitter:label1\" content=\"Estimated reading time\" \/>\n\t<meta name=\"twitter:data1\" content=\"3 minutes\" \/>\n<script type=\"application\/ld+json\" class=\"yoast-schema-graph\">{\"@context\":\"https:\/\/schema.org\",\"@graph\":[{\"@type\":\"WebPage\",\"@id\":\"https:\/\/luciennelaparisienne.fr\/produit\/sac-de-voyage-pour-teckel\/\",\"url\":\"https:\/\/luciennelaparisienne.fr\/produit\/sac-de-voyage-pour-teckel\/\",\"name\":\"Sac de voyage pour teckel - Lucienne la Parisienne\",\"isPartOf\":{\"@id\":\"https:\/\/luciennelaparisienne.fr\/#website\"},\"primaryImageOfPage\":{\"@id\":\"https:\/\/luciennelaparisienne.fr\/produit\/sac-de-voyage-pour-teckel\/#primaryimage\"},\"image\":{\"@id\":\"https:\/\/luciennelaparisienne.fr\/produit\/sac-de-voyage-pour-teckel\/#primaryimage\"},\"thumbnailUrl\":\"https:\/\/luciennelaparisienne.fr\/wp-content\/uploads\/2026\/06\/Emiliya-Sultan-66052026-1.jpg\",\"datePublished\":\"2026-09-03T18:08:29+00:00\",\"dateModified\":\"2026-09-03T21:10:24+00:00\",\"breadcrumb\":{\"@id\":\"https:\/\/luciennelaparisienne.fr\/produit\/sac-de-voyage-pour-teckel\/#breadcrumb\"},\"inLanguage\":\"en-GB\",\"potentialAction\":[{\"@type\":\"ReadAction\",\"target\":[\"https:\/\/luciennelaparisienne.fr\/produit\/sac-de-voyage-pour-teckel\/\"]}]},{\"@type\":\"ImageObject\",\"inLanguage\":\"en-GB\",\"@id\":\"https:\/\/luciennelaparisienne.fr\/produit\/sac-de-voyage-pour-teckel\/#primaryimage\",\"url\":\"https:\/\/luciennelaparisienne.fr\/wp-content\/uploads\/2026\/06\/Emiliya-Sultan-66052026-1.jpg\",\"contentUrl\":\"https:\/\/luciennelaparisienne.fr\/wp-content\/uploads\/2026\/06\/Emiliya-Sultan-66052026-1.jpg\",\"width\":1000,\"height\":1000},{\"@type\":\"BreadcrumbList\",\"@id\":\"https:\/\/luciennelaparisienne.fr\/produit\/sac-de-voyage-pour-teckel\/#breadcrumb\",\"itemListElement\":[{\"@type\":\"ListItem\",\"position\":1,\"name\":\"Accueil\",\"item\":\"https:\/\/luciennelaparisienne.fr\/\"},{\"@type\":\"ListItem\",\"position\":2,\"name\":\"Boutique\",\"item\":\"https:\/\/luciennelaparisienne.fr\/shop\/\"},{\"@type\":\"ListItem\",\"position\":3,\"name\":\"Sac de voyage pour teckel\"}]},{\"@type\":\"WebSite\",\"@id\":\"https:\/\/luciennelaparisienne.fr\/#website\",\"url\":\"https:\/\/luciennelaparisienne.fr\/\",\"name\":\"Lucienne la Parisienne\",\"description\":\"Produits pour Teckels\",\"potentialAction\":[{\"@type\":\"SearchAction\",\"target\":{\"@type\":\"EntryPoint\",\"urlTemplate\":\"https:\/\/luciennelaparisienne.fr\/?s={search_term_string}\"},\"query-input\":{\"@type\":\"PropertyValueSpecification\",\"valueRequired\":true,\"valueName\":\"search_term_string\"}}],\"inLanguage\":\"en-GB\"}]}<\/script>\n<!-- \/ Yoast SEO plugin. -->","yoast_head_json":{"title":"Sac de voyage pour teckel - Lucienne la Parisienne","robots":{"index":"index","follow":"follow","max-snippet":"max-snippet:-1","max-image-preview":"max-image-preview:large","max-video-preview":"max-video-preview:-1"},"canonical":"https:\/\/luciennelaparisienne.fr\/en\/product\/sac-de-voyage-pour-teckel\/","og_locale":"en_GB","og_type":"article","og_title":"Sac de voyage pour teckel - Lucienne la Parisienne","og_description":"Sac de voyage NOUVEAUT\u00c9 !! Notre sac de voyage iconique \u00e9volue pour vous accompagner encore plus facilement au quotidien et en voyage. Cette nouvelle version int\u00e8gre d\u00e9sormais un syst\u00e8me de fixation pour valise, id\u00e9al pour les d\u00e9placements en train et lors de vos week-ends, ainsi que de nouvelles anses courtes [&hellip;]","og_url":"https:\/\/luciennelaparisienne.fr\/en\/product\/sac-de-voyage-pour-teckel\/","og_site_name":"Lucienne la Parisienne","article_modified_time":"2026-09-03T21:10:24+00:00","og_image":[{"width":1000,"height":1000,"url":"https:\/\/luciennelaparisienne.fr\/wp-content\/uploads\/2026\/06\/Emiliya-Sultan-66052026-1.jpg","type":"image\/jpeg"}],"twitter_card":"summary_large_image","twitter_misc":{"Estimated reading time":"3 minutes"},"schema":{"@context":"https:\/\/schema.org","@graph":[{"@type":"WebPage","@id":"https:\/\/luciennelaparisienne.fr\/produit\/sac-de-voyage-pour-teckel\/","url":"https:\/\/luciennelaparisienne.fr\/produit\/sac-de-voyage-pour-teckel\/","name":"Sac de voyage pour teckel - Lucienne la Parisienne","isPartOf":{"@id":"https:\/\/luciennelaparisienne.fr\/#website"},"primaryImageOfPage":{"@id":"https:\/\/luciennelaparisienne.fr\/produit\/sac-de-voyage-pour-teckel\/#primaryimage"},"image":{"@id":"https:\/\/luciennelaparisienne.fr\/produit\/sac-de-voyage-pour-teckel\/#primaryimage"},"thumbnailUrl":"https:\/\/luciennelaparisienne.fr\/wp-content\/uploads\/2026\/06\/Emiliya-Sultan-66052026-1.jpg","datePublished":"2026-09-03T18:08:29+00:00","dateModified":"2026-09-03T21:10:24+00:00","breadcrumb":{"@id":"https:\/\/luciennelaparisienne.fr\/produit\/sac-de-voyage-pour-teckel\/#breadcrumb"},"inLanguage":"en-GB","potentialAction":[{"@type":"ReadAction","target":["https:\/\/luciennelaparisienne.fr\/produit\/sac-de-voyage-pour-teckel\/"]}]},{"@type":"ImageObject","inLanguage":"en-GB","@id":"https:\/\/luciennelaparisienne.fr\/produit\/sac-de-voyage-pour-teckel\/#primaryimage","url":"https:\/\/luciennelaparisienne.fr\/wp-content\/uploads\/2026\/06\/Emiliya-Sultan-66052026-1.jpg","contentUrl":"https:\/\/luciennelaparisienne.fr\/wp-content\/uploads\/2026\/06\/Emiliya-Sultan-66052026-1.jpg","width":1000,"height":1000},{"@type":"BreadcrumbList","@id":"https:\/\/luciennelaparisienne.fr\/produit\/sac-de-voyage-pour-teckel\/#breadcrumb","itemListElement":[{"@type":"ListItem","position":1,"name":"Accueil","item":"https:\/\/luciennelaparisienne.fr\/"},{"@type":"ListItem","position":2,"name":"Boutique","item":"https:\/\/luciennelaparisienne.fr\/shop\/"},{"@type":"ListItem","position":3,"name":"Sac de voyage pour teckel"}]},{"@type":"WebSite","@id":"https:\/\/luciennelaparisienne.fr\/#website","url":"https:\/\/luciennelaparisienne.fr\/","name":"Lucienne la Parisienne","description":"Produits pour Teckels","potentialAction":[{"@type":"SearchAction","target":{"@type":"EntryPoint","urlTemplate":"https:\/\/luciennelaparisienne.fr\/?s={search_term_string}"},"query-input":{"@type":"PropertyValueSpecification","valueRequired":true,"valueName":"search_term_string"}}],"inLanguage":"en-GB"}]}},"_links":{"self":[{"href":"https:\/\/luciennelaparisienne.fr\/en\/wp-json\/wp\/v2\/product\/19336","targetHints":{"allow":["GET"]}}],"collection":[{"href":"https:\/\/luciennelaparisienne.fr\/en\/wp-json\/wp\/v2\/product"}],"about":[{"href":"https:\/\/luciennelaparisienne.fr\/en\/wp-json\/wp\/v2\/types\/product"}],"replies":[{"embeddable":true,"href":"https:\/\/luciennelaparisienne.fr\/en\/wp-json\/wp\/v2\/comments?post=19336"}],"wp:featuredmedia":[{"embeddable":true,"href":"https:\/\/luciennelaparisienne.fr\/en\/wp-json\/wp\/v2\/media\/17965"}],"wp:attachment":[{"href":"https:\/\/luciennelaparisienne.fr\/en\/wp-json\/wp\/v2\/media?parent=19336"}],"wp:term":[{"taxonomy":"product_brand","embeddable":true,"href":"https:\/\/luciennelaparisienne.fr\/en\/wp-json\/wp\/v2\/product_brand?post=19336"},{"taxonomy":"product_cat","embeddable":true,"href":"https:\/\/luciennelaparisienne.fr\/en\/wp-json\/wp\/v2\/product_cat?post=19336"},{"taxonomy":"product_tag","embeddable":true,"href":"https:\/\/luciennelaparisienne.fr\/en\/wp-json\/wp\/v2\/product_tag?post=19336"}],"curies":[{"name":"wp","href":"https:\/\/api.w.org\/{rel}","templated":true}]}}

<p><b>Sac de voyage</b><br />
<span style="font-size: 10pt;"><span style="font-weight: 400;">NEW!! </span></span><span style="font-weight: 400; font-size: 10pt;">Notre sac de voyage iconique évolue pour vous accompagner encore plus facilement au quotidien et en voyage. </span><span style="font-weight: 400; font-size: 10pt;">Cette nouvelle version intègre désormais un système de fixation pour valise, idéal pour les déplacements en train et lors de vos week-ends, ainsi que de nouvelles anses courtes élégantes qui permettent de porter le sac comme un véritable sac à main.</span><br />
<span style="font-weight: 400; font-size: 10pt;">Le sac de voyage devient vite indispensable si vous aimez emmener votre teckel avec vous, que ce soit en ville, en voyage ou lors de vos sorties. Parce que nous savons que les teckels aiment être partout avec leurs maîtres, nous avons conçu un sac qui allie confort, praticité et élégance, aussi bien pour votre compagnon que pour vous. </span></p>
<p><strong>Features</strong><strong> :</strong><br />
<span style="font-size: 10pt;"><span style="font-weight: 400;">Le sac est doté d’une housse r</span></span><span style="font-weight: 400; font-size: 10pt;">éversible qui peut être utilisée de deux cotés : côté fausse fourrure ou côté daim. <span style="font-size: 10pt;"><span style="font-weight: 400;">Cette matière de grande résistance est idéale pour un usage quotidien. </span></span>La housse est également amovible et peut être remplacée selon la saison par une version été ou une housse hiver en fourrure synthétique de très haute qualité. </span><span style="font-weight: 400; font-size: 10pt;">The wide, flat handles ensure it is comfortable to carry over the shoulder.</span><br />
<span style="font-weight: 400; font-size: 10pt;">The carrier also includes:</span></p>
<ul>
<li style="font-weight: 400;" aria-level="1"><span style="font-weight: 400; font-size: 10pt;">a large zipped pocket for your essentials</span></li>
<li style="font-weight: 400;" aria-level="1"><span style="font-weight: 400; font-size: 10pt;">a nylon shoulder strap for added convenience</span></li>
<li style="font-weight: 400;" aria-level="1"><span style="font-weight: 400; font-size: 10pt;">a secure zip fastening</span></li>
<li style="font-weight: 400;" aria-level="1"><span style="font-weight: 400; font-size: 10pt;">an internal strap to secure your dog safely</span></li>
<li style="font-weight: 400;" aria-level="1"><span style="font-weight: 400; font-size: 10pt;">a small round bag, ideal for treats or poo bags</span></li>
<li aria-level="1"><span style="font-size: 10pt;">housse réversible</span></li>
</ul>
<p><span style="font-size: 10pt;">Couleur: Kaki, Noire </span><br />
<span style="font-size: 10pt;">Fabric: Waterproof polyester</span><br />
<span style="font-size: 10pt;">Housse réversible en fausse fourrure. Il est possible d&rsquo;acheter la housse version été en coton ou version hiver en fourrure pour chaque taille.</span></p>
<p><strong>Care Instructions:</strong><strong> :</strong> <span style="font-weight: 400; font-size: 10pt;">All our covers are machine washable, making them easy and convenient to care for. Summer and winter covers are sold separately on our website. </span><span style="font-size: 10pt;">Hand wash or machine wash at 30°C. Gentle spin, do not dry clean, do not bleach. Do not iron!</span></p>
<p><strong>Available in sizes:</strong>:</p>
<p>T1 : 50 cm longueur du sac, 45cm longueur du fond  (kaninchens et nains jusqu’au 6kg)<br />
T2 : 55 cm longueur du sac, 50 cm longueur du fond (petit standards 8 kg ou deux kaninchens)<br />
T3 : 57 cm longueur du sac, 55 cm longueur du fond (standards 9kg+ ou  deux nains)</p>
<p><em>Custom orders are available, thank you for <a href="https://luciennelaparisienne.fr/contactez-nous/"><strong>contacting us via the Contact section</strong></a></em></p>

<p>Sac de voyage NOUVEAUTÉ !! Notre sac de voyage iconique évolue pour vous accompagner encore plus facilement au quotidien et en voyage. Cette nouvelle version intègre désormais un système de fixation pour valise, idéal pour les déplacements en train et lors de vos week-ends, ainsi que de nouvelles anses courtes [&hellip;]</p>

<!-- This site is optimized with the Yoast SEO plugin v26.6 - https://yoast.com/wordpress/plugins/seo/ -->
<title>Sac de voyage pour teckel - Lucienne la Parisienne</title>
<meta name="robots" content="index, follow, max-snippet:-1, max-image-preview:large, max-video-preview:-1" />
<link rel="canonical" href="https://luciennelaparisienne.fr/en/product/sac-de-voyage-pour-teckel/" />
<meta property="og:locale" content="en_GB" />
<meta property="og:type" content="article" />
<meta property="og:title" content="Sac de voyage pour teckel - Lucienne la Parisienne" />
<meta property="og:description" content="Sac de voyage NOUVEAUTÉ !! Notre sac de voyage iconique évolue pour vous accompagner encore plus facilement au quotidien et en voyage. Cette nouvelle version intègre désormais un système de fixation pour valise, idéal pour les déplacements en train et lors de vos week-ends, ainsi que de nouvelles anses courtes [&hellip;]" />
<meta property="og:url" content="https://luciennelaparisienne.fr/en/product/sac-de-voyage-pour-teckel/" />
<meta property="og:site_name" content="Lucienne la Parisienne" />
<meta property="article:modified_time" content="2026-09-03T21:10:24+00:00" />
<meta property="og:image" content="https://luciennelaparisienne.fr/wp-content/uploads/2026/06/Emiliya-Sultan-66052026-1.jpg" />
	<meta property="og:image:width" content="1000" />
	<meta property="og:image:height" content="1000" />
	<meta property="og:image:type" content="image/jpeg" />
<meta name="twitter:card" content="summary_large_image" />
<meta name="twitter:label1" content="Estimated reading time" />
	<meta name="twitter:data1" content="3 minutes" />
<script type="application/ld+json" class="yoast-schema-graph">{"@context":"https://schema.org","@graph":[{"@type":"WebPage","@id":"https://luciennelaparisienne.fr/produit/sac-de-voyage-pour-teckel/","url":"https://luciennelaparisienne.fr/produit/sac-de-voyage-pour-teckel/","name":"Sac de voyage pour teckel - Lucienne la Parisienne","isPartOf":{"@id":"https://luciennelaparisienne.fr/#website"},"primaryImageOfPage":{"@id":"https://luciennelaparisienne.fr/produit/sac-de-voyage-pour-teckel/#primaryimage"},"image":{"@id":"https://luciennelaparisienne.fr/produit/sac-de-voyage-pour-teckel/#primaryimage"},"thumbnailUrl":"https://luciennelaparisienne.fr/wp-content/uploads/2026/06/Emiliya-Sultan-66052026-1.jpg","datePublished":"2026-09-03T18:08:29+00:00","dateModified":"2026-09-03T21:10:24+00:00","breadcrumb":{"@id":"https://luciennelaparisienne.fr/produit/sac-de-voyage-pour-teckel/#breadcrumb"},"inLanguage":"en-GB","potentialAction":[{"@type":"ReadAction","target":["https://luciennelaparisienne.fr/produit/sac-de-voyage-pour-teckel/"]}]},{"@type":"ImageObject","inLanguage":"en-GB","@id":"https://luciennelaparisienne.fr/produit/sac-de-voyage-pour-teckel/#primaryimage","url":"https://luciennelaparisienne.fr/wp-content/uploads/2026/06/Emiliya-Sultan-66052026-1.jpg","contentUrl":"https://luciennelaparisienne.fr/wp-content/uploads/2026/06/Emiliya-Sultan-66052026-1.jpg","width":1000,"height":1000},{"@type":"BreadcrumbList","@id":"https://luciennelaparisienne.fr/produit/sac-de-voyage-pour-teckel/#breadcrumb","itemListElement":[{"@type":"ListItem","position":1,"name":"Accueil","item":"https://luciennelaparisienne.fr/"},{"@type":"ListItem","position":2,"name":"Boutique","item":"https://luciennelaparisienne.fr/shop/"},{"@type":"ListItem","position":3,"name":"Sac de voyage pour teckel"}]},{"@type":"WebSite","@id":"https://luciennelaparisienne.fr/#website","url":"https://luciennelaparisienne.fr/","name":"Lucienne la Parisienne","description":"Produits pour Teckels","potentialAction":[{"@type":"SearchAction","target":{"@type":"EntryPoint","urlTemplate":"https://luciennelaparisienne.fr/?s={search_term_string}"},"query-input":{"@type":"PropertyValueSpecification","valueRequired":true,"valueName":"search_term_string"}}],"inLanguage":"en-GB"}]}</script>
<!-- / Yoast SEO plugin. -->

Sac de voyage NOUVEAUTÉ !! Notre sac de voyage iconique évolue pour vous accompagner encore plus facilement au quotidien et en voyage. Cette nouvelle version intègre désormais un système de fixation pour valise, idéal pour les déplacements en train et lors de vos week-ends, ainsi que de nouvelles anses courtes [&hellip;]
