{"id":15046,"date":"2025-10-20T10:07:14","date_gmt":"2025-10-20T08:07:14","guid":{"rendered":"https:\/\/luciennelaparisienne.fr\/?post_type=product&#038;p=15046"},"modified":"2026-06-28T14:46:34","modified_gmt":"2026-06-28T12:46:34","slug":"veste-impermeable-la-seine","status":"publish","type":"product","link":"https:\/\/luciennelaparisienne.fr\/it\/prodotto\/veste-impermeable-la-seine\/","title":{"rendered":"Giacca impermeabile La Seine"},"content":{"rendered":"<p><strong>Giacca impermeabile La Seine<\/strong><br \/>\n<span style=\"font-size: 10pt;\">La giacca La Seine \u00e8 perfetta per la mezza stagione. \u00c8 leggera, copre bene e protegge dalla pioggia e dal vento. Copre bene la pancia.<\/span><br \/>\n<span style=\"font-size: 10pt;\">Nella parte superiore della schiena \u00e8 presente un'apertura per l'imbracatura e la chiusura \u00e8 a bottoni a pressione. Non sono presenti elastici per le zampe.<\/span><br \/>\n<span style=\"font-size: 10pt;\">La giacca \u00e8 bicolore, con l'interno foderato in tessuto impermeabile di colore arancione.<\/span><\/p>\n<p><strong>Caratteristiche :<\/strong><br \/>\n<span style=\"font-size: 10pt;\">Colori: kaki, blu, viola<\/span><br \/>\n<span style=\"font-size: 10pt;\">Tessuto: 84% Poliestere 16% Poliamide<\/span><\/p>\n<p><strong>Manutenzione:<\/strong>\u00a0<span style=\"font-size: 10pt;\">Lavaggio a mano o in lavatrice a 30 \u00b0C. Centrifuga e asciugatura delicata.<\/span><\/p>\n<p><strong>Disponibile nelle taglie:<\/strong><br \/>\n<span style=\"font-size: 10pt;\">XXS: Bassotto Kaninchen 3-4 kg<\/span><br \/>\n<span style=\"font-size: 10pt;\">XS: Bassotto nano 5 kg<\/span><br \/>\n<span style=\"font-size: 10pt;\">S: Bassotto Nano 6-7 kg<\/span><br \/>\n<span style=\"font-size: 10pt;\">M: Bassotto standard 8-8,5 kg<\/span><br \/>\n<span style=\"font-size: 10pt;\">L: Bassotto standard grande 9-10 kg<\/span><br \/>\n<span style=\"font-size: 10pt;\">\u00c8 possibile ordinare su misura, grazie di <a href=\"https:\/\/luciennelaparisienne.fr\/contactez-nous\/\"><strong>contattarci tramite la sezione contatti<\/strong><\/a>.<\/span><br \/>\n<span style=\"font-size: 10pt;\"><strong>La produzione su misura avviene dopo il pagamento e richiede 2 settimane.<\/strong><\/span><\/p>\n<p><em>Si prega di notare che i colori visibili nelle foto possono variare leggermente a seconda dello schermo.<\/em><\/p>","protected":false},"excerpt":{"rendered":"<p>Veste imperm\u00e9able La Seine La veste La Seine est id\u00e9ale pour une demi saison. Elle est l\u00e9g\u00e8re, couvre et prot\u00e8ge bien contre la pluie ou le vent. Le ventre est bien couvert. Il y a une ouverture pour le harnais sur le haut du dos et la fermeture est en [&hellip;]<\/p>","protected":false},"featured_media":15066,"comment_status":"open","ping_status":"closed","template":"","meta":{"inline_featured_image":false},"product_brand":[],"product_cat":[70,72,153],"product_tag":[],"class_list":["post-15046","product","type-product","status-publish","has-post-thumbnail","product_cat-pour-nos-teckels","product_cat-pour-shabiller","product_cat-vetements","first","instock","taxable","shipping-taxable","purchasable","product-type-variable"],"yoast_head":"<!-- This site is optimized with the Yoast SEO plugin v26.6 - https:\/\/yoast.com\/wordpress\/plugins\/seo\/ -->\n<title>Imperm\u00e9able pour Chien, Teckel | Lucienne la Parisienne<\/title>\n<meta name=\"description\" content=\"Magnifiques v\u00eatements &amp; accessoires pour prendre soin de son chien. Produits con\u00e7us pour les teckels 100% artisanaux et fabriqu\u00e9s en France.\" \/>\n<meta name=\"robots\" content=\"index, follow, max-snippet:-1, max-image-preview:large, max-video-preview:-1\" \/>\n<link rel=\"canonical\" href=\"https:\/\/luciennelaparisienne.fr\/it\/prodotto\/veste-impermeable-la-seine\/\" \/>\n<meta property=\"og:locale\" content=\"it_IT\" \/>\n<meta property=\"og:type\" content=\"article\" \/>\n<meta property=\"og:title\" content=\"Imperm\u00e9able pour Chien, Teckel | Lucienne la Parisienne\" \/>\n<meta property=\"og:description\" content=\"Magnifiques v\u00eatements &amp; accessoires pour prendre soin de son chien. Produits con\u00e7us pour les teckels 100% artisanaux et fabriqu\u00e9s en France.\" \/>\n<meta property=\"og:url\" content=\"https:\/\/luciennelaparisienne.fr\/it\/prodotto\/veste-impermeable-la-seine\/\" \/>\n<meta property=\"og:site_name\" content=\"Lucienne la Parisienne\" \/>\n<meta property=\"article:modified_time\" content=\"2026-06-28T12:46:34+00:00\" \/>\n<meta property=\"og:image\" content=\"https:\/\/luciennelaparisienne.fr\/wp-content\/uploads\/2025\/10\/5-22.jpg\" \/>\n\t<meta property=\"og:image:width\" content=\"1600\" \/>\n\t<meta property=\"og:image:height\" content=\"1600\" \/>\n\t<meta property=\"og:image:type\" content=\"image\/jpeg\" \/>\n<meta name=\"twitter:card\" content=\"summary_large_image\" \/>\n<meta name=\"twitter:label1\" content=\"Tempo di lettura stimato\" \/>\n\t<meta name=\"twitter:data1\" content=\"2 minuti\" \/>\n<script type=\"application\/ld+json\" class=\"yoast-schema-graph\">{\"@context\":\"https:\/\/schema.org\",\"@graph\":[{\"@type\":\"WebPage\",\"@id\":\"https:\/\/luciennelaparisienne.fr\/produit\/veste-impermeable-la-seine\/\",\"url\":\"https:\/\/luciennelaparisienne.fr\/produit\/veste-impermeable-la-seine\/\",\"name\":\"Imperm\u00e9able pour Chien, Teckel | Lucienne la Parisienne\",\"isPartOf\":{\"@id\":\"https:\/\/luciennelaparisienne.fr\/#website\"},\"primaryImageOfPage\":{\"@id\":\"https:\/\/luciennelaparisienne.fr\/produit\/veste-impermeable-la-seine\/#primaryimage\"},\"image\":{\"@id\":\"https:\/\/luciennelaparisienne.fr\/produit\/veste-impermeable-la-seine\/#primaryimage\"},\"thumbnailUrl\":\"https:\/\/luciennelaparisienne.fr\/wp-content\/uploads\/2025\/10\/5-22.jpg\",\"datePublished\":\"2025-10-20T08:07:14+00:00\",\"dateModified\":\"2026-06-28T12:46:34+00:00\",\"description\":\"Magnifiques v\u00eatements & accessoires pour prendre soin de son chien. Produits con\u00e7us pour les teckels 100% artisanaux et fabriqu\u00e9s en France.\",\"breadcrumb\":{\"@id\":\"https:\/\/luciennelaparisienne.fr\/produit\/veste-impermeable-la-seine\/#breadcrumb\"},\"inLanguage\":\"it-IT\",\"potentialAction\":[{\"@type\":\"ReadAction\",\"target\":[\"https:\/\/luciennelaparisienne.fr\/produit\/veste-impermeable-la-seine\/\"]}]},{\"@type\":\"ImageObject\",\"inLanguage\":\"it-IT\",\"@id\":\"https:\/\/luciennelaparisienne.fr\/produit\/veste-impermeable-la-seine\/#primaryimage\",\"url\":\"https:\/\/luciennelaparisienne.fr\/wp-content\/uploads\/2025\/10\/5-22.jpg\",\"contentUrl\":\"https:\/\/luciennelaparisienne.fr\/wp-content\/uploads\/2025\/10\/5-22.jpg\",\"width\":1600,\"height\":1600},{\"@type\":\"BreadcrumbList\",\"@id\":\"https:\/\/luciennelaparisienne.fr\/produit\/veste-impermeable-la-seine\/#breadcrumb\",\"itemListElement\":[{\"@type\":\"ListItem\",\"position\":1,\"name\":\"Accueil\",\"item\":\"https:\/\/luciennelaparisienne.fr\/\"},{\"@type\":\"ListItem\",\"position\":2,\"name\":\"Boutique\",\"item\":\"https:\/\/luciennelaparisienne.fr\/shop\/\"},{\"@type\":\"ListItem\",\"position\":3,\"name\":\"Veste imperm\u00e9able La Seine\"}]},{\"@type\":\"WebSite\",\"@id\":\"https:\/\/luciennelaparisienne.fr\/#website\",\"url\":\"https:\/\/luciennelaparisienne.fr\/\",\"name\":\"Lucienne la Parisienne\",\"description\":\"Produits pour Teckels\",\"potentialAction\":[{\"@type\":\"SearchAction\",\"target\":{\"@type\":\"EntryPoint\",\"urlTemplate\":\"https:\/\/luciennelaparisienne.fr\/?s={search_term_string}\"},\"query-input\":{\"@type\":\"PropertyValueSpecification\",\"valueRequired\":true,\"valueName\":\"search_term_string\"}}],\"inLanguage\":\"it-IT\"}]}<\/script>\n<!-- \/ Yoast SEO plugin. -->","yoast_head_json":{"title":"Imperm\u00e9able pour Chien, Teckel | Lucienne la Parisienne","description":"Magnifiques v\u00eatements & accessoires pour prendre soin de son chien. Produits con\u00e7us pour les teckels 100% artisanaux et fabriqu\u00e9s en France.","robots":{"index":"index","follow":"follow","max-snippet":"max-snippet:-1","max-image-preview":"max-image-preview:large","max-video-preview":"max-video-preview:-1"},"canonical":"https:\/\/luciennelaparisienne.fr\/it\/prodotto\/veste-impermeable-la-seine\/","og_locale":"it_IT","og_type":"article","og_title":"Imperm\u00e9able pour Chien, Teckel | Lucienne la Parisienne","og_description":"Magnifiques v\u00eatements & accessoires pour prendre soin de son chien. Produits con\u00e7us pour les teckels 100% artisanaux et fabriqu\u00e9s en France.","og_url":"https:\/\/luciennelaparisienne.fr\/it\/prodotto\/veste-impermeable-la-seine\/","og_site_name":"Lucienne la Parisienne","article_modified_time":"2026-06-28T12:46:34+00:00","og_image":[{"width":1600,"height":1600,"url":"https:\/\/luciennelaparisienne.fr\/wp-content\/uploads\/2025\/10\/5-22.jpg","type":"image\/jpeg"}],"twitter_card":"summary_large_image","twitter_misc":{"Tempo di lettura stimato":"2 minuti"},"schema":{"@context":"https:\/\/schema.org","@graph":[{"@type":"WebPage","@id":"https:\/\/luciennelaparisienne.fr\/produit\/veste-impermeable-la-seine\/","url":"https:\/\/luciennelaparisienne.fr\/produit\/veste-impermeable-la-seine\/","name":"Imperm\u00e9able pour Chien, Teckel | Lucienne la Parisienne","isPartOf":{"@id":"https:\/\/luciennelaparisienne.fr\/#website"},"primaryImageOfPage":{"@id":"https:\/\/luciennelaparisienne.fr\/produit\/veste-impermeable-la-seine\/#primaryimage"},"image":{"@id":"https:\/\/luciennelaparisienne.fr\/produit\/veste-impermeable-la-seine\/#primaryimage"},"thumbnailUrl":"https:\/\/luciennelaparisienne.fr\/wp-content\/uploads\/2025\/10\/5-22.jpg","datePublished":"2025-10-20T08:07:14+00:00","dateModified":"2026-06-28T12:46:34+00:00","description":"Magnifiques v\u00eatements & accessoires pour prendre soin de son chien. Produits con\u00e7us pour les teckels 100% artisanaux et fabriqu\u00e9s en France.","breadcrumb":{"@id":"https:\/\/luciennelaparisienne.fr\/produit\/veste-impermeable-la-seine\/#breadcrumb"},"inLanguage":"it-IT","potentialAction":[{"@type":"ReadAction","target":["https:\/\/luciennelaparisienne.fr\/produit\/veste-impermeable-la-seine\/"]}]},{"@type":"ImageObject","inLanguage":"it-IT","@id":"https:\/\/luciennelaparisienne.fr\/produit\/veste-impermeable-la-seine\/#primaryimage","url":"https:\/\/luciennelaparisienne.fr\/wp-content\/uploads\/2025\/10\/5-22.jpg","contentUrl":"https:\/\/luciennelaparisienne.fr\/wp-content\/uploads\/2025\/10\/5-22.jpg","width":1600,"height":1600},{"@type":"BreadcrumbList","@id":"https:\/\/luciennelaparisienne.fr\/produit\/veste-impermeable-la-seine\/#breadcrumb","itemListElement":[{"@type":"ListItem","position":1,"name":"Accueil","item":"https:\/\/luciennelaparisienne.fr\/"},{"@type":"ListItem","position":2,"name":"Boutique","item":"https:\/\/luciennelaparisienne.fr\/shop\/"},{"@type":"ListItem","position":3,"name":"Veste imperm\u00e9able La Seine"}]},{"@type":"WebSite","@id":"https:\/\/luciennelaparisienne.fr\/#website","url":"https:\/\/luciennelaparisienne.fr\/","name":"Lucienne la Parisienne","description":"Produits pour Teckels","potentialAction":[{"@type":"SearchAction","target":{"@type":"EntryPoint","urlTemplate":"https:\/\/luciennelaparisienne.fr\/?s={search_term_string}"},"query-input":{"@type":"PropertyValueSpecification","valueRequired":true,"valueName":"search_term_string"}}],"inLanguage":"it-IT"}]}},"_links":{"self":[{"href":"https:\/\/luciennelaparisienne.fr\/it\/wp-json\/wp\/v2\/product\/15046","targetHints":{"allow":["GET"]}}],"collection":[{"href":"https:\/\/luciennelaparisienne.fr\/it\/wp-json\/wp\/v2\/product"}],"about":[{"href":"https:\/\/luciennelaparisienne.fr\/it\/wp-json\/wp\/v2\/types\/product"}],"replies":[{"embeddable":true,"href":"https:\/\/luciennelaparisienne.fr\/it\/wp-json\/wp\/v2\/comments?post=15046"}],"wp:featuredmedia":[{"embeddable":true,"href":"https:\/\/luciennelaparisienne.fr\/it\/wp-json\/wp\/v2\/media\/15066"}],"wp:attachment":[{"href":"https:\/\/luciennelaparisienne.fr\/it\/wp-json\/wp\/v2\/media?parent=15046"}],"wp:term":[{"taxonomy":"product_brand","embeddable":true,"href":"https:\/\/luciennelaparisienne.fr\/it\/wp-json\/wp\/v2\/product_brand?post=15046"},{"taxonomy":"product_cat","embeddable":true,"href":"https:\/\/luciennelaparisienne.fr\/it\/wp-json\/wp\/v2\/product_cat?post=15046"},{"taxonomy":"product_tag","embeddable":true,"href":"https:\/\/luciennelaparisienne.fr\/it\/wp-json\/wp\/v2\/product_tag?post=15046"}],"curies":[{"name":"wp","href":"https:\/\/api.w.org\/{rel}","templated":true}]}}

<p><strong>Giacca impermeabile La Seine</strong><br />
<span style="font-size: 10pt;">La giacca La Seine è perfetta per la mezza stagione. È leggera, copre bene e protegge dalla pioggia e dal vento. Copre bene la pancia.</span><br />
<span style="font-size: 10pt;">Nella parte superiore della schiena è presente un'apertura per l'imbracatura e la chiusura è a bottoni a pressione. Non sono presenti elastici per le zampe.</span><br />
<span style="font-size: 10pt;">La giacca è bicolore, con l'interno foderato in tessuto impermeabile di colore arancione.</span></p>
<p><strong>Caratteristiche :</strong><br />
<span style="font-size: 10pt;">Colori: kaki, blu, viola</span><br />
<span style="font-size: 10pt;">Tessuto: 84% Poliestere 16% Poliamide</span></p>
<p><strong>Manutenzione:</strong> <span style="font-size: 10pt;">Lavaggio a mano o in lavatrice a 30 °C. Centrifuga e asciugatura delicata.</span></p>
<p><strong>Disponibile nelle taglie:</strong><br />
<span style="font-size: 10pt;">XXS: Bassotto Kaninchen 3-4 kg</span><br />
<span style="font-size: 10pt;">XS: Bassotto nano 5 kg</span><br />
<span style="font-size: 10pt;">S: Bassotto Nano 6-7 kg</span><br />
<span style="font-size: 10pt;">M: Bassotto standard 8-8,5 kg</span><br />
<span style="font-size: 10pt;">L: Bassotto standard grande 9-10 kg</span><br />
<span style="font-size: 10pt;">È possibile ordinare su misura, grazie di <a href="https://luciennelaparisienne.fr/contactez-nous/"><strong>contattarci tramite la sezione contatti</strong></a>.</span><br />
<span style="font-size: 10pt;"><strong>La produzione su misura avviene dopo il pagamento e richiede 2 settimane.</strong></span></p>
<p><em>Si prega di notare che i colori visibili nelle foto possono variare leggermente a seconda dello schermo.</em></p>

<p>Veste imperméable La Seine La veste La Seine est idéale pour une demi saison. Elle est légère, couvre et protège bien contre la pluie ou le vent. Le ventre est bien couvert. Il y a une ouverture pour le harnais sur le haut du dos et la fermeture est en [&hellip;]</p>

<!-- This site is optimized with the Yoast SEO plugin v26.6 - https://yoast.com/wordpress/plugins/seo/ -->
<title>Imperméable pour Chien, Teckel | Lucienne la Parisienne</title>
<meta name="description" content="Magnifiques vêtements &amp; accessoires pour prendre soin de son chien. Produits conçus pour les teckels 100% artisanaux et fabriqués en France." />
<meta name="robots" content="index, follow, max-snippet:-1, max-image-preview:large, max-video-preview:-1" />
<link rel="canonical" href="https://luciennelaparisienne.fr/it/prodotto/veste-impermeable-la-seine/" />
<meta property="og:locale" content="it_IT" />
<meta property="og:type" content="article" />
<meta property="og:title" content="Imperméable pour Chien, Teckel | Lucienne la Parisienne" />
<meta property="og:description" content="Magnifiques vêtements &amp; accessoires pour prendre soin de son chien. Produits conçus pour les teckels 100% artisanaux et fabriqués en France." />
<meta property="og:url" content="https://luciennelaparisienne.fr/it/prodotto/veste-impermeable-la-seine/" />
<meta property="og:site_name" content="Lucienne la Parisienne" />
<meta property="article:modified_time" content="2026-06-28T12:46:34+00:00" />
<meta property="og:image" content="https://luciennelaparisienne.fr/wp-content/uploads/2025/10/5-22.jpg" />
	<meta property="og:image:width" content="1600" />
	<meta property="og:image:height" content="1600" />
	<meta property="og:image:type" content="image/jpeg" />
<meta name="twitter:card" content="summary_large_image" />
<meta name="twitter:label1" content="Tempo di lettura stimato" />
	<meta name="twitter:data1" content="2 minuti" />
<script type="application/ld+json" class="yoast-schema-graph">{"@context":"https://schema.org","@graph":[{"@type":"WebPage","@id":"https://luciennelaparisienne.fr/produit/veste-impermeable-la-seine/","url":"https://luciennelaparisienne.fr/produit/veste-impermeable-la-seine/","name":"Imperméable pour Chien, Teckel | Lucienne la Parisienne","isPartOf":{"@id":"https://luciennelaparisienne.fr/#website"},"primaryImageOfPage":{"@id":"https://luciennelaparisienne.fr/produit/veste-impermeable-la-seine/#primaryimage"},"image":{"@id":"https://luciennelaparisienne.fr/produit/veste-impermeable-la-seine/#primaryimage"},"thumbnailUrl":"https://luciennelaparisienne.fr/wp-content/uploads/2025/10/5-22.jpg","datePublished":"2025-10-20T08:07:14+00:00","dateModified":"2026-06-28T12:46:34+00:00","description":"Magnifiques vêtements & accessoires pour prendre soin de son chien. Produits conçus pour les teckels 100% artisanaux et fabriqués en France.","breadcrumb":{"@id":"https://luciennelaparisienne.fr/produit/veste-impermeable-la-seine/#breadcrumb"},"inLanguage":"it-IT","potentialAction":[{"@type":"ReadAction","target":["https://luciennelaparisienne.fr/produit/veste-impermeable-la-seine/"]}]},{"@type":"ImageObject","inLanguage":"it-IT","@id":"https://luciennelaparisienne.fr/produit/veste-impermeable-la-seine/#primaryimage","url":"https://luciennelaparisienne.fr/wp-content/uploads/2025/10/5-22.jpg","contentUrl":"https://luciennelaparisienne.fr/wp-content/uploads/2025/10/5-22.jpg","width":1600,"height":1600},{"@type":"BreadcrumbList","@id":"https://luciennelaparisienne.fr/produit/veste-impermeable-la-seine/#breadcrumb","itemListElement":[{"@type":"ListItem","position":1,"name":"Accueil","item":"https://luciennelaparisienne.fr/"},{"@type":"ListItem","position":2,"name":"Boutique","item":"https://luciennelaparisienne.fr/shop/"},{"@type":"ListItem","position":3,"name":"Veste imperméable La Seine"}]},{"@type":"WebSite","@id":"https://luciennelaparisienne.fr/#website","url":"https://luciennelaparisienne.fr/","name":"Lucienne la Parisienne","description":"Produits pour Teckels","potentialAction":[{"@type":"SearchAction","target":{"@type":"EntryPoint","urlTemplate":"https://luciennelaparisienne.fr/?s={search_term_string}"},"query-input":{"@type":"PropertyValueSpecification","valueRequired":true,"valueName":"search_term_string"}}],"inLanguage":"it-IT"}]}</script>
<!-- / Yoast SEO plugin. -->

Imperméable pour Chien, Teckel | Lucienne la Parisienne

Magnifiques vêtements & accessoires pour prendre soin de son chien. Produits conçus pour les teckels 100% artisanaux et fabriqués en France.

Veste imperméable La Seine
