{"id":16170,"date":"2026-01-16T03:09:51","date_gmt":"2026-01-16T02:09:51","guid":{"rendered":"https:\/\/luciennelaparisienne.fr\/?post_type=product&#038;p=16170"},"modified":"2026-08-28T13:11:16","modified_gmt":"2026-08-28T11:11:16","slug":"collier-pour-chien-en-cuir-nacre-vicky-pets","status":"publish","type":"product","link":"https:\/\/luciennelaparisienne.fr\/it\/prodotto\/collier-pour-chien-en-cuir-nacre-vicky-pets\/","title":{"rendered":"Collare per cani in pelle perlata \u2013 Vicky Pets"},"content":{"rendered":"<p><strong>Collare in pelle con riflessi perlati \u2013 Vicky Pets<\/strong><br \/>\n<span style=\"font-weight: 400; font-size: 10pt;\">Elegante, luminosa e senza tempo, la collana Vicky Pets dai riflessi perlati dona un tocco di classe alla quotidianit\u00e0 del vostro cane.<\/span><br \/>\n<span style=\"font-size: 10pt;\"><span style=\"font-weight: 400;\">Realizzato in pelle di vacchetta naturale, selezionata per la sua bellezza e morbidezza, riflette un savoir-faire italiano di alta qualit\u00e0.<\/span><span style=\"font-weight: 400;\"><br \/>\n<\/span><span style=\"font-weight: 400;\">La sua pelle \u00e8 molto morbida al tatto, ma allo stesso tempo resistente e durevole, ideale per l'uso quotidiano.<\/span><\/span><br \/>\n<span style=\"font-weight: 400; font-size: 10pt;\">La sua finitura dai riflessi perlati cattura delicatamente la luce e esalta ogni movimento, creando un effetto elegante e raffinato.<\/span><br \/>\n<span style=\"font-weight: 400; font-size: 10pt;\">La chiusura a fibbia garantisce una tenuta sicura, mentre il metallo con finitura colorata conferisce un tocco elegante e moderno.<\/span><br \/>\n<span style=\"font-weight: 400; font-size: 10pt;\">Ogni collana \u00e8 impreziosita da un piccolo logo decorativo che raffigura Lucienne e Vicky, firma emblematica del marchio.<\/span><\/p>\n<p><span style=\"font-weight: 400; font-size: 10pt;\"><strong><span style=\"font-size: 12pt;\">Caratteristiche<\/span><\/strong> : <\/span><br \/>\n<span style=\"font-weight: 400; font-size: 10pt;\">Materiale: pelle bovina naturale di alta qualit\u00e0. <\/span><br \/>\n<span style=\"font-weight: 400; font-size: 10pt;\">Finitura con riflessi perlati. <\/span><br \/>\n<span style=\"font-weight: 400; font-size: 10pt;\">Larghezza del collare: 2,5 cm.<\/span><\/p>\n<p><strong>Manutenzione:\u00a0<\/strong><br \/>\n<span style=\"font-size: 10pt;\">Per preservare la bellezza della tua collana Vicky Pets:<\/span><br \/>\n<span style=\"font-size: 10pt;\">\u2022 Pulire delicatamente con un panno morbido e asciutto<\/span><br \/>\n<span style=\"font-size: 10pt;\">\u2022 In caso di macchie, utilizzare un panno leggermente umido<\/span><br \/>\n<span style=\"font-size: 10pt;\">\u2022 Non immergere in acqua<\/span><br \/>\n<span style=\"font-size: 10pt;\">\u2022 Evitare prodotti chimici o abrasivi<\/span><br \/>\n<span style=\"font-size: 10pt;\">\u2022 Lasciare asciugare all\u2019aria, lontano da fonti di calore<\/span><\/p>\n<p><strong>Disponibile nelle taglie  \u2013 circonferenza del collo del cane:<\/strong><br \/>\n<span style=\"font-size: 10pt;\">XS &#8211; tour de cou 18 &#8211; 21 cm (chiots et kaninchens 2,5kg)<\/span><br \/>\n<span style=\"font-size: 10pt;\">S &#8211; tour de cou 23 &#8211; 26 cm<\/span><br \/>\n<span style=\"font-size: 10pt;\">M \u2013 circonferenza del collo 26,5 \u2013 30,5 cm<\/span><br \/>\n<span style=\"font-size: 10pt;\">L \u2013 circonferenza del collo 31,5 \u2013 33 cm<\/span><\/p>\n<p><strong><span style=\"font-size: 12pt;\">Proponiamo, nelle stesse tonalit\u00e0, il guinzaglio coordinato e la bustina (per contenere bocconcini o piccoli accessori).<\/span><\/strong><\/p>\n<p><em>Prodotto in Italia.<\/em><\/p>","protected":false},"excerpt":{"rendered":"<p>Collier en cuir aux reflets nacr\u00e9s \u2013 Vicky Pets \u00c9l\u00e9gant, lumineux et intemporel, le collier Vicky Pets aux reflets nacr\u00e9s apporte une touche couture au quotidien de votre chien. Confectionn\u00e9 en cuir de vache naturel, s\u00e9lectionn\u00e9 pour sa beaut\u00e9 et sa souplesse, il refl\u00e8te un savoir-faire italien de haute qualit\u00e9. [&hellip;]<\/p>","protected":false},"featured_media":16213,"comment_status":"open","ping_status":"closed","template":"","meta":{"inline_featured_image":false},"product_brand":[],"product_cat":[204,70],"product_tag":[],"class_list":["post-16170","product","type-product","status-publish","has-post-thumbnail","product_cat-laisses-et-colliers","product_cat-pour-nos-teckels","first","instock","featured","taxable","shipping-taxable","purchasable","product-type-variable"],"yoast_head":"<!-- This site is optimized with the Yoast SEO plugin v26.6 - https:\/\/yoast.com\/wordpress\/plugins\/seo\/ -->\n<title>Collier pour chien en cuir nacr\u00e9 \u2013 Vicky Pets - Lucienne la Parisienne<\/title>\n<meta name=\"robots\" content=\"index, follow, max-snippet:-1, max-image-preview:large, max-video-preview:-1\" \/>\n<link rel=\"canonical\" href=\"https:\/\/luciennelaparisienne.fr\/it\/prodotto\/collier-pour-chien-en-cuir-nacre-vicky-pets\/\" \/>\n<meta property=\"og:locale\" content=\"it_IT\" \/>\n<meta property=\"og:type\" content=\"article\" \/>\n<meta property=\"og:title\" content=\"Collier pour chien en cuir nacr\u00e9 \u2013 Vicky Pets - Lucienne la Parisienne\" \/>\n<meta property=\"og:description\" content=\"Collier en cuir aux reflets nacr\u00e9s \u2013 Vicky Pets \u00c9l\u00e9gant, lumineux et intemporel, le collier Vicky Pets aux reflets nacr\u00e9s apporte une touche couture au quotidien de votre chien. Confectionn\u00e9 en cuir de vache naturel, s\u00e9lectionn\u00e9 pour sa beaut\u00e9 et sa souplesse, il refl\u00e8te un savoir-faire italien de haute qualit\u00e9. [&hellip;]\" \/>\n<meta property=\"og:url\" content=\"https:\/\/luciennelaparisienne.fr\/it\/prodotto\/collier-pour-chien-en-cuir-nacre-vicky-pets\/\" \/>\n<meta property=\"og:site_name\" content=\"Lucienne la Parisienne\" \/>\n<meta property=\"article:modified_time\" content=\"2026-08-28T11:11:16+00:00\" \/>\n<meta property=\"og:image\" content=\"https:\/\/luciennelaparisienne.fr\/wp-content\/uploads\/2026\/01\/carre-LV_color.jpg\" \/>\n\t<meta property=\"og:image:width\" content=\"1293\" \/>\n\t<meta property=\"og:image:height\" content=\"1293\" \/>\n\t<meta property=\"og:image:type\" content=\"image\/jpeg\" \/>\n<meta name=\"twitter:card\" content=\"summary_large_image\" \/>\n<meta name=\"twitter:label1\" content=\"Tempo di lettura stimato\" \/>\n\t<meta name=\"twitter:data1\" content=\"2 minuti\" \/>\n<script type=\"application\/ld+json\" class=\"yoast-schema-graph\">{\"@context\":\"https:\/\/schema.org\",\"@graph\":[{\"@type\":\"WebPage\",\"@id\":\"https:\/\/luciennelaparisienne.fr\/produit\/collier-pour-chien-en-cuir-nacre-vicky-pets\/\",\"url\":\"https:\/\/luciennelaparisienne.fr\/produit\/collier-pour-chien-en-cuir-nacre-vicky-pets\/\",\"name\":\"Collier pour chien en cuir nacr\u00e9 \u2013 Vicky Pets - Lucienne la Parisienne\",\"isPartOf\":{\"@id\":\"https:\/\/luciennelaparisienne.fr\/#website\"},\"primaryImageOfPage\":{\"@id\":\"https:\/\/luciennelaparisienne.fr\/produit\/collier-pour-chien-en-cuir-nacre-vicky-pets\/#primaryimage\"},\"image\":{\"@id\":\"https:\/\/luciennelaparisienne.fr\/produit\/collier-pour-chien-en-cuir-nacre-vicky-pets\/#primaryimage\"},\"thumbnailUrl\":\"https:\/\/luciennelaparisienne.fr\/wp-content\/uploads\/2026\/01\/carre-LV_color.jpg\",\"datePublished\":\"2026-01-16T02:09:51+00:00\",\"dateModified\":\"2026-08-28T11:11:16+00:00\",\"breadcrumb\":{\"@id\":\"https:\/\/luciennelaparisienne.fr\/produit\/collier-pour-chien-en-cuir-nacre-vicky-pets\/#breadcrumb\"},\"inLanguage\":\"it-IT\",\"potentialAction\":[{\"@type\":\"ReadAction\",\"target\":[\"https:\/\/luciennelaparisienne.fr\/produit\/collier-pour-chien-en-cuir-nacre-vicky-pets\/\"]}]},{\"@type\":\"ImageObject\",\"inLanguage\":\"it-IT\",\"@id\":\"https:\/\/luciennelaparisienne.fr\/produit\/collier-pour-chien-en-cuir-nacre-vicky-pets\/#primaryimage\",\"url\":\"https:\/\/luciennelaparisienne.fr\/wp-content\/uploads\/2026\/01\/carre-LV_color.jpg\",\"contentUrl\":\"https:\/\/luciennelaparisienne.fr\/wp-content\/uploads\/2026\/01\/carre-LV_color.jpg\",\"width\":1293,\"height\":1293},{\"@type\":\"BreadcrumbList\",\"@id\":\"https:\/\/luciennelaparisienne.fr\/produit\/collier-pour-chien-en-cuir-nacre-vicky-pets\/#breadcrumb\",\"itemListElement\":[{\"@type\":\"ListItem\",\"position\":1,\"name\":\"Accueil\",\"item\":\"https:\/\/luciennelaparisienne.fr\/\"},{\"@type\":\"ListItem\",\"position\":2,\"name\":\"Boutique\",\"item\":\"https:\/\/luciennelaparisienne.fr\/shop\/\"},{\"@type\":\"ListItem\",\"position\":3,\"name\":\"Collier pour chien en cuir nacr\u00e9 \u2013 Vicky Pets\"}]},{\"@type\":\"WebSite\",\"@id\":\"https:\/\/luciennelaparisienne.fr\/#website\",\"url\":\"https:\/\/luciennelaparisienne.fr\/\",\"name\":\"Lucienne la Parisienne\",\"description\":\"Produits pour Teckels\",\"potentialAction\":[{\"@type\":\"SearchAction\",\"target\":{\"@type\":\"EntryPoint\",\"urlTemplate\":\"https:\/\/luciennelaparisienne.fr\/?s={search_term_string}\"},\"query-input\":{\"@type\":\"PropertyValueSpecification\",\"valueRequired\":true,\"valueName\":\"search_term_string\"}}],\"inLanguage\":\"it-IT\"}]}<\/script>\n<!-- \/ Yoast SEO plugin. -->","yoast_head_json":{"title":"Collier pour chien en cuir nacr\u00e9 \u2013 Vicky Pets - Lucienne la Parisienne","robots":{"index":"index","follow":"follow","max-snippet":"max-snippet:-1","max-image-preview":"max-image-preview:large","max-video-preview":"max-video-preview:-1"},"canonical":"https:\/\/luciennelaparisienne.fr\/it\/prodotto\/collier-pour-chien-en-cuir-nacre-vicky-pets\/","og_locale":"it_IT","og_type":"article","og_title":"Collier pour chien en cuir nacr\u00e9 \u2013 Vicky Pets - Lucienne la Parisienne","og_description":"Collier en cuir aux reflets nacr\u00e9s \u2013 Vicky Pets \u00c9l\u00e9gant, lumineux et intemporel, le collier Vicky Pets aux reflets nacr\u00e9s apporte une touche couture au quotidien de votre chien. Confectionn\u00e9 en cuir de vache naturel, s\u00e9lectionn\u00e9 pour sa beaut\u00e9 et sa souplesse, il refl\u00e8te un savoir-faire italien de haute qualit\u00e9. [&hellip;]","og_url":"https:\/\/luciennelaparisienne.fr\/it\/prodotto\/collier-pour-chien-en-cuir-nacre-vicky-pets\/","og_site_name":"Lucienne la Parisienne","article_modified_time":"2026-08-28T11:11:16+00:00","og_image":[{"width":1293,"height":1293,"url":"https:\/\/luciennelaparisienne.fr\/wp-content\/uploads\/2026\/01\/carre-LV_color.jpg","type":"image\/jpeg"}],"twitter_card":"summary_large_image","twitter_misc":{"Tempo di lettura stimato":"2 minuti"},"schema":{"@context":"https:\/\/schema.org","@graph":[{"@type":"WebPage","@id":"https:\/\/luciennelaparisienne.fr\/produit\/collier-pour-chien-en-cuir-nacre-vicky-pets\/","url":"https:\/\/luciennelaparisienne.fr\/produit\/collier-pour-chien-en-cuir-nacre-vicky-pets\/","name":"Collier pour chien en cuir nacr\u00e9 \u2013 Vicky Pets - Lucienne la Parisienne","isPartOf":{"@id":"https:\/\/luciennelaparisienne.fr\/#website"},"primaryImageOfPage":{"@id":"https:\/\/luciennelaparisienne.fr\/produit\/collier-pour-chien-en-cuir-nacre-vicky-pets\/#primaryimage"},"image":{"@id":"https:\/\/luciennelaparisienne.fr\/produit\/collier-pour-chien-en-cuir-nacre-vicky-pets\/#primaryimage"},"thumbnailUrl":"https:\/\/luciennelaparisienne.fr\/wp-content\/uploads\/2026\/01\/carre-LV_color.jpg","datePublished":"2026-01-16T02:09:51+00:00","dateModified":"2026-08-28T11:11:16+00:00","breadcrumb":{"@id":"https:\/\/luciennelaparisienne.fr\/produit\/collier-pour-chien-en-cuir-nacre-vicky-pets\/#breadcrumb"},"inLanguage":"it-IT","potentialAction":[{"@type":"ReadAction","target":["https:\/\/luciennelaparisienne.fr\/produit\/collier-pour-chien-en-cuir-nacre-vicky-pets\/"]}]},{"@type":"ImageObject","inLanguage":"it-IT","@id":"https:\/\/luciennelaparisienne.fr\/produit\/collier-pour-chien-en-cuir-nacre-vicky-pets\/#primaryimage","url":"https:\/\/luciennelaparisienne.fr\/wp-content\/uploads\/2026\/01\/carre-LV_color.jpg","contentUrl":"https:\/\/luciennelaparisienne.fr\/wp-content\/uploads\/2026\/01\/carre-LV_color.jpg","width":1293,"height":1293},{"@type":"BreadcrumbList","@id":"https:\/\/luciennelaparisienne.fr\/produit\/collier-pour-chien-en-cuir-nacre-vicky-pets\/#breadcrumb","itemListElement":[{"@type":"ListItem","position":1,"name":"Accueil","item":"https:\/\/luciennelaparisienne.fr\/"},{"@type":"ListItem","position":2,"name":"Boutique","item":"https:\/\/luciennelaparisienne.fr\/shop\/"},{"@type":"ListItem","position":3,"name":"Collier pour chien en cuir nacr\u00e9 \u2013 Vicky Pets"}]},{"@type":"WebSite","@id":"https:\/\/luciennelaparisienne.fr\/#website","url":"https:\/\/luciennelaparisienne.fr\/","name":"Lucienne la Parisienne","description":"Produits pour Teckels","potentialAction":[{"@type":"SearchAction","target":{"@type":"EntryPoint","urlTemplate":"https:\/\/luciennelaparisienne.fr\/?s={search_term_string}"},"query-input":{"@type":"PropertyValueSpecification","valueRequired":true,"valueName":"search_term_string"}}],"inLanguage":"it-IT"}]}},"_links":{"self":[{"href":"https:\/\/luciennelaparisienne.fr\/it\/wp-json\/wp\/v2\/product\/16170","targetHints":{"allow":["GET"]}}],"collection":[{"href":"https:\/\/luciennelaparisienne.fr\/it\/wp-json\/wp\/v2\/product"}],"about":[{"href":"https:\/\/luciennelaparisienne.fr\/it\/wp-json\/wp\/v2\/types\/product"}],"replies":[{"embeddable":true,"href":"https:\/\/luciennelaparisienne.fr\/it\/wp-json\/wp\/v2\/comments?post=16170"}],"wp:featuredmedia":[{"embeddable":true,"href":"https:\/\/luciennelaparisienne.fr\/it\/wp-json\/wp\/v2\/media\/16213"}],"wp:attachment":[{"href":"https:\/\/luciennelaparisienne.fr\/it\/wp-json\/wp\/v2\/media?parent=16170"}],"wp:term":[{"taxonomy":"product_brand","embeddable":true,"href":"https:\/\/luciennelaparisienne.fr\/it\/wp-json\/wp\/v2\/product_brand?post=16170"},{"taxonomy":"product_cat","embeddable":true,"href":"https:\/\/luciennelaparisienne.fr\/it\/wp-json\/wp\/v2\/product_cat?post=16170"},{"taxonomy":"product_tag","embeddable":true,"href":"https:\/\/luciennelaparisienne.fr\/it\/wp-json\/wp\/v2\/product_tag?post=16170"}],"curies":[{"name":"wp","href":"https:\/\/api.w.org\/{rel}","templated":true}]}}

<p><strong>Collare in pelle con riflessi perlati – Vicky Pets</strong><br />
<span style="font-weight: 400; font-size: 10pt;">Elegante, luminosa e senza tempo, la collana Vicky Pets dai riflessi perlati dona un tocco di classe alla quotidianità del vostro cane.</span><br />
<span style="font-size: 10pt;"><span style="font-weight: 400;">Realizzato in pelle di vacchetta naturale, selezionata per la sua bellezza e morbidezza, riflette un savoir-faire italiano di alta qualità.</span><span style="font-weight: 400;"><br />
</span><span style="font-weight: 400;">La sua pelle è molto morbida al tatto, ma allo stesso tempo resistente e durevole, ideale per l'uso quotidiano.</span></span><br />
<span style="font-weight: 400; font-size: 10pt;">La sua finitura dai riflessi perlati cattura delicatamente la luce e esalta ogni movimento, creando un effetto elegante e raffinato.</span><br />
<span style="font-weight: 400; font-size: 10pt;">La chiusura a fibbia garantisce una tenuta sicura, mentre il metallo con finitura colorata conferisce un tocco elegante e moderno.</span><br />
<span style="font-weight: 400; font-size: 10pt;">Ogni collana è impreziosita da un piccolo logo decorativo che raffigura Lucienne e Vicky, firma emblematica del marchio.</span></p>
<p><span style="font-weight: 400; font-size: 10pt;"><strong><span style="font-size: 12pt;">Caratteristiche</span></strong> : </span><br />
<span style="font-weight: 400; font-size: 10pt;">Materiale: pelle bovina naturale di alta qualità. </span><br />
<span style="font-weight: 400; font-size: 10pt;">Finitura con riflessi perlati. </span><br />
<span style="font-weight: 400; font-size: 10pt;">Larghezza del collare: 2,5 cm.</span></p>
<p><strong>Manutenzione: </strong><br />
<span style="font-size: 10pt;">Per preservare la bellezza della tua collana Vicky Pets:</span><br />
<span style="font-size: 10pt;">• Pulire delicatamente con un panno morbido e asciutto</span><br />
<span style="font-size: 10pt;">• In caso di macchie, utilizzare un panno leggermente umido</span><br />
<span style="font-size: 10pt;">• Non immergere in acqua</span><br />
<span style="font-size: 10pt;">• Evitare prodotti chimici o abrasivi</span><br />
<span style="font-size: 10pt;">• Lasciare asciugare all’aria, lontano da fonti di calore</span></p>
<p><strong>Disponibile nelle taglie  – circonferenza del collo del cane:</strong><br />
<span style="font-size: 10pt;">XS &#8211; tour de cou 18 &#8211; 21 cm (chiots et kaninchens 2,5kg)</span><br />
<span style="font-size: 10pt;">S &#8211; tour de cou 23 &#8211; 26 cm</span><br />
<span style="font-size: 10pt;">M – circonferenza del collo 26,5 – 30,5 cm</span><br />
<span style="font-size: 10pt;">L – circonferenza del collo 31,5 – 33 cm</span></p>
<p><strong><span style="font-size: 12pt;">Proponiamo, nelle stesse tonalità, il guinzaglio coordinato e la bustina (per contenere bocconcini o piccoli accessori).</span></strong></p>
<p><em>Prodotto in Italia.</em></p>

<p>Collier en cuir aux reflets nacrés – Vicky Pets Élégant, lumineux et intemporel, le collier Vicky Pets aux reflets nacrés apporte une touche couture au quotidien de votre chien. Confectionné en cuir de vache naturel, sélectionné pour sa beauté et sa souplesse, il reflète un savoir-faire italien de haute qualité. [&hellip;]</p>

<!-- This site is optimized with the Yoast SEO plugin v26.6 - https://yoast.com/wordpress/plugins/seo/ -->
<title>Collier pour chien en cuir nacré – Vicky Pets - Lucienne la Parisienne</title>
<meta name="robots" content="index, follow, max-snippet:-1, max-image-preview:large, max-video-preview:-1" />
<link rel="canonical" href="https://luciennelaparisienne.fr/it/prodotto/collier-pour-chien-en-cuir-nacre-vicky-pets/" />
<meta property="og:locale" content="it_IT" />
<meta property="og:type" content="article" />
<meta property="og:title" content="Collier pour chien en cuir nacré – Vicky Pets - Lucienne la Parisienne" />
<meta property="og:description" content="Collier en cuir aux reflets nacrés – Vicky Pets Élégant, lumineux et intemporel, le collier Vicky Pets aux reflets nacrés apporte une touche couture au quotidien de votre chien. Confectionné en cuir de vache naturel, sélectionné pour sa beauté et sa souplesse, il reflète un savoir-faire italien de haute qualité. [&hellip;]" />
<meta property="og:url" content="https://luciennelaparisienne.fr/it/prodotto/collier-pour-chien-en-cuir-nacre-vicky-pets/" />
<meta property="og:site_name" content="Lucienne la Parisienne" />
<meta property="article:modified_time" content="2026-08-28T11:11:16+00:00" />
<meta property="og:image" content="https://luciennelaparisienne.fr/wp-content/uploads/2026/01/carre-LV_color.jpg" />
	<meta property="og:image:width" content="1293" />
	<meta property="og:image:height" content="1293" />
	<meta property="og:image:type" content="image/jpeg" />
<meta name="twitter:card" content="summary_large_image" />
<meta name="twitter:label1" content="Tempo di lettura stimato" />
	<meta name="twitter:data1" content="2 minuti" />
<script type="application/ld+json" class="yoast-schema-graph">{"@context":"https://schema.org","@graph":[{"@type":"WebPage","@id":"https://luciennelaparisienne.fr/produit/collier-pour-chien-en-cuir-nacre-vicky-pets/","url":"https://luciennelaparisienne.fr/produit/collier-pour-chien-en-cuir-nacre-vicky-pets/","name":"Collier pour chien en cuir nacré – Vicky Pets - Lucienne la Parisienne","isPartOf":{"@id":"https://luciennelaparisienne.fr/#website"},"primaryImageOfPage":{"@id":"https://luciennelaparisienne.fr/produit/collier-pour-chien-en-cuir-nacre-vicky-pets/#primaryimage"},"image":{"@id":"https://luciennelaparisienne.fr/produit/collier-pour-chien-en-cuir-nacre-vicky-pets/#primaryimage"},"thumbnailUrl":"https://luciennelaparisienne.fr/wp-content/uploads/2026/01/carre-LV_color.jpg","datePublished":"2026-01-16T02:09:51+00:00","dateModified":"2026-08-28T11:11:16+00:00","breadcrumb":{"@id":"https://luciennelaparisienne.fr/produit/collier-pour-chien-en-cuir-nacre-vicky-pets/#breadcrumb"},"inLanguage":"it-IT","potentialAction":[{"@type":"ReadAction","target":["https://luciennelaparisienne.fr/produit/collier-pour-chien-en-cuir-nacre-vicky-pets/"]}]},{"@type":"ImageObject","inLanguage":"it-IT","@id":"https://luciennelaparisienne.fr/produit/collier-pour-chien-en-cuir-nacre-vicky-pets/#primaryimage","url":"https://luciennelaparisienne.fr/wp-content/uploads/2026/01/carre-LV_color.jpg","contentUrl":"https://luciennelaparisienne.fr/wp-content/uploads/2026/01/carre-LV_color.jpg","width":1293,"height":1293},{"@type":"BreadcrumbList","@id":"https://luciennelaparisienne.fr/produit/collier-pour-chien-en-cuir-nacre-vicky-pets/#breadcrumb","itemListElement":[{"@type":"ListItem","position":1,"name":"Accueil","item":"https://luciennelaparisienne.fr/"},{"@type":"ListItem","position":2,"name":"Boutique","item":"https://luciennelaparisienne.fr/shop/"},{"@type":"ListItem","position":3,"name":"Collier pour chien en cuir nacré – Vicky Pets"}]},{"@type":"WebSite","@id":"https://luciennelaparisienne.fr/#website","url":"https://luciennelaparisienne.fr/","name":"Lucienne la Parisienne","description":"Produits pour Teckels","potentialAction":[{"@type":"SearchAction","target":{"@type":"EntryPoint","urlTemplate":"https://luciennelaparisienne.fr/?s={search_term_string}"},"query-input":{"@type":"PropertyValueSpecification","valueRequired":true,"valueName":"search_term_string"}}],"inLanguage":"it-IT"}]}</script>
<!-- / Yoast SEO plugin. -->

Collier pour chien en cuir nacré – Vicky Pets - Lucienne la Parisienne

Collier en cuir aux reflets nacrés – Vicky Pets Élégant, lumineux et intemporel, le collier Vicky Pets aux reflets nacrés apporte une touche couture au quotidien de votre chien. Confectionné en cuir de vache naturel, sélectionné pour sa beauté et sa souplesse, il reflète un savoir-faire italien de haute qualité. [&hellip;]

Collier pour chien en cuir nacré – Vicky Pets
