{"id":9629,"date":"2024-10-07T17:41:50","date_gmt":"2024-10-07T15:41:50","guid":{"rendered":"https:\/\/luciennelaparisienne.fr\/?post_type=product&#038;p=9629"},"modified":"2026-04-22T14:18:28","modified_gmt":"2026-04-22T12:18:28","slug":"doudoune-edelweiss","status":"publish","type":"product","link":"https:\/\/luciennelaparisienne.fr\/it\/prodotto\/doudoune-edelweiss\/","title":{"rendered":"Doudoune Edelweiss"},"content":{"rendered":"<p><strong>Doudoune Edelweiss<\/strong><br \/>\n<span style=\"font-size: 10pt;\">La doudoune Edelweiss est un manteau \u00e0 la fois chaud, tr\u00e8s l\u00e9ger et imperm\u00e9able. Elle va prot\u00e9ger et chauffer votre teckel pendant les p\u00e9riodes de froid, de temps sec ou de pluie. Le manteau couvre tout le dos et a un col haut autour du cou pour bien garder la chaleur.<\/span><br \/>\n<span style=\"font-size: 10pt;\">Il materiale \u00e8 idrorepellente, la piumino \u00e8 molto caldo ed \u00e8 perfetto per i teckel freddolosi o che amano passare le vacanze sulla neve! Finalmente il tuo teckel pu\u00f2 godersi la neve!<\/span><br \/>\n<span style=\"font-size: 10pt;\">Remplissage en polyester donc lavage et s\u00e9chage facile et rapide. En int\u00e9rieur elle est en polaire tr\u00e8s doux.<\/span><br \/>\n<span style=\"font-size: 10pt;\">Tr\u00e8s facile \u00e0 mettre, il suffit de la glisser sur la t\u00eate de votre chien. Une ouverture pour le harnais est pr\u00e9vue sur le haut du dos de la doudoune. Il y a une deuxi\u00e8me ouverture pour le collier au niveau de la base du cou. Elle se ferme en boucle avec les sangles r\u00e9glables sur le dos. Il y a deux \u00e9lastiques r\u00e9glables pour fixer le manteau aux pattes pour ceux qui pr\u00e9f\u00e8rent.<\/span><\/p>\n<p><strong>Caratteristiche:<\/strong><br \/>\n<span style=\"font-size: 10pt;\">Colore: rosso, nero, blu scuro, giallo e nero sul ventre.<\/span><br \/>\n<span style=\"font-size: 10pt;\">Tessuto: 84% Poliestere, 16% Poliamide<\/span><\/p>\n<p><strong>Manutenzione:<\/strong> <span style=\"font-size: 10pt;\">Lavaggio a mano o in lavatrice a 30 \u00b0C. Strizzatura e asciugatura leggera.<\/span><\/p>\n<p><strong>Disponible en tailles :<\/strong><br \/>\n<span style=\"font-size: 10pt;\">XXS: Bassotto Kaninchen 3-4 kg<\/span><br \/>\n<span style=\"font-size: 10pt;\">XS : Teckel Nain 5 kg<\/span><br \/>\n<span style=\"font-size: 10pt;\">S: Bassotto Nano 6-7 kg<\/span><br \/>\n<span style=\"font-size: 10pt;\">M : Teckel Standard 8-8,5 kg<\/span><br \/>\n<span style=\"font-size: 10pt;\">L : Teckel grand Standard 9-10 kg<\/span><br \/>\n<span style=\"font-size: 10pt;\">XL : Teckel grand Standard 10 kg +<\/span><br \/>\n<span style=\"font-size: 10pt;\">Le taglie XXS e XL sono disponibili solo su prenotazione e dopo il pagamento.<\/span><br \/>\n<span style=\"font-size: 10pt;\">\u00c8 possibile ordinare su misura, grazie di <a href=\"https:\/\/luciennelaparisienne.fr\/contactez-nous\/\"><strong>contattarci tramite la sezione contatti<\/strong><\/a>.<\/span><br \/>\n<span style=\"font-size: 10pt;\"><strong>La produzione su misura avviene dopo il pagamento e richiede 2 settimane.<\/strong><\/span><\/p>\n<p><em>Merci de noter que les couleurs visibles sur les photos peuvent l\u00e9g\u00e8rement varier selon les \u00e9crans.<\/em><\/p>","protected":false},"excerpt":{"rendered":"<p>Doudoune Edelweiss La doudoune Edelweiss est un manteau \u00e0 la fois chaud, tr\u00e8s l\u00e9ger et imperm\u00e9able. Elle va prot\u00e9ger et chauffer votre teckel pendant les p\u00e9riodes de froid, de temps sec ou de pluie. Le manteau couvre tout le dos et a un col haut autour du cou pour bien [&hellip;]<\/p>","protected":false},"featured_media":15753,"comment_status":"open","ping_status":"closed","template":"","meta":{"inline_featured_image":false},"product_brand":[],"product_cat":[203,70,72,153],"product_tag":[],"class_list":{"0":"post-9629","1":"product","2":"type-product","3":"status-publish","4":"has-post-thumbnail","6":"product_cat-fin-de-collection","7":"product_cat-pour-nos-teckels","8":"product_cat-pour-shabiller","9":"product_cat-vetements","11":"first","12":"instock","13":"featured","14":"taxable","15":"shipping-taxable","16":"purchasable","17":"product-type-variable","18":"has-default-attributes"},"yoast_head":"<!-- This site is optimized with the Yoast SEO plugin v26.6 - https:\/\/yoast.com\/wordpress\/plugins\/seo\/ -->\n<title>Doudoune Edelweiss - Lucienne la Parisienne<\/title>\n<meta name=\"robots\" content=\"index, follow, max-snippet:-1, max-image-preview:large, max-video-preview:-1\" \/>\n<link rel=\"canonical\" href=\"https:\/\/luciennelaparisienne.fr\/it\/prodotto\/doudoune-edelweiss\/\" \/>\n<meta property=\"og:locale\" content=\"it_IT\" \/>\n<meta property=\"og:type\" content=\"article\" \/>\n<meta property=\"og:title\" content=\"Doudoune Edelweiss - Lucienne la Parisienne\" \/>\n<meta property=\"og:description\" content=\"Doudoune Edelweiss La doudoune Edelweiss est un manteau \u00e0 la fois chaud, tr\u00e8s l\u00e9ger et imperm\u00e9able. Elle va prot\u00e9ger et chauffer votre teckel pendant les p\u00e9riodes de froid, de temps sec ou de pluie. Le manteau couvre tout le dos et a un col haut autour du cou pour bien [&hellip;]\" \/>\n<meta property=\"og:url\" content=\"https:\/\/luciennelaparisienne.fr\/it\/prodotto\/doudoune-edelweiss\/\" \/>\n<meta property=\"og:site_name\" content=\"Lucienne la Parisienne\" \/>\n<meta property=\"article:modified_time\" content=\"2026-04-22T12:18:28+00:00\" \/>\n<meta property=\"og:image\" content=\"https:\/\/luciennelaparisienne.fr\/wp-content\/uploads\/2024\/10\/IMG_4612.webp\" \/>\n\t<meta property=\"og:image:width\" content=\"600\" \/>\n\t<meta property=\"og:image:height\" content=\"600\" \/>\n\t<meta property=\"og:image:type\" content=\"image\/webp\" \/>\n<meta name=\"twitter:card\" content=\"summary_large_image\" \/>\n<meta name=\"twitter:label1\" content=\"Tempo di lettura stimato\" \/>\n\t<meta name=\"twitter:data1\" content=\"2 minuti\" \/>\n<script type=\"application\/ld+json\" class=\"yoast-schema-graph\">{\"@context\":\"https:\/\/schema.org\",\"@graph\":[{\"@type\":\"WebPage\",\"@id\":\"https:\/\/luciennelaparisienne.fr\/produit\/doudoune-edelweiss\/\",\"url\":\"https:\/\/luciennelaparisienne.fr\/produit\/doudoune-edelweiss\/\",\"name\":\"Doudoune Edelweiss - Lucienne la Parisienne\",\"isPartOf\":{\"@id\":\"https:\/\/luciennelaparisienne.fr\/#website\"},\"primaryImageOfPage\":{\"@id\":\"https:\/\/luciennelaparisienne.fr\/produit\/doudoune-edelweiss\/#primaryimage\"},\"image\":{\"@id\":\"https:\/\/luciennelaparisienne.fr\/produit\/doudoune-edelweiss\/#primaryimage\"},\"thumbnailUrl\":\"https:\/\/luciennelaparisienne.fr\/wp-content\/uploads\/2024\/10\/IMG_4612.webp\",\"datePublished\":\"2024-10-07T15:41:50+00:00\",\"dateModified\":\"2026-04-22T12:18:28+00:00\",\"breadcrumb\":{\"@id\":\"https:\/\/luciennelaparisienne.fr\/produit\/doudoune-edelweiss\/#breadcrumb\"},\"inLanguage\":\"it-IT\",\"potentialAction\":[{\"@type\":\"ReadAction\",\"target\":[\"https:\/\/luciennelaparisienne.fr\/produit\/doudoune-edelweiss\/\"]}]},{\"@type\":\"ImageObject\",\"inLanguage\":\"it-IT\",\"@id\":\"https:\/\/luciennelaparisienne.fr\/produit\/doudoune-edelweiss\/#primaryimage\",\"url\":\"https:\/\/luciennelaparisienne.fr\/wp-content\/uploads\/2024\/10\/IMG_4612.webp\",\"contentUrl\":\"https:\/\/luciennelaparisienne.fr\/wp-content\/uploads\/2024\/10\/IMG_4612.webp\",\"width\":600,\"height\":600},{\"@type\":\"BreadcrumbList\",\"@id\":\"https:\/\/luciennelaparisienne.fr\/produit\/doudoune-edelweiss\/#breadcrumb\",\"itemListElement\":[{\"@type\":\"ListItem\",\"position\":1,\"name\":\"Accueil\",\"item\":\"https:\/\/luciennelaparisienne.fr\/\"},{\"@type\":\"ListItem\",\"position\":2,\"name\":\"Boutique\",\"item\":\"https:\/\/luciennelaparisienne.fr\/shop\/\"},{\"@type\":\"ListItem\",\"position\":3,\"name\":\"Doudoune Edelweiss\"}]},{\"@type\":\"WebSite\",\"@id\":\"https:\/\/luciennelaparisienne.fr\/#website\",\"url\":\"https:\/\/luciennelaparisienne.fr\/\",\"name\":\"Lucienne la Parisienne\",\"description\":\"Produits pour Teckels\",\"potentialAction\":[{\"@type\":\"SearchAction\",\"target\":{\"@type\":\"EntryPoint\",\"urlTemplate\":\"https:\/\/luciennelaparisienne.fr\/?s={search_term_string}\"},\"query-input\":{\"@type\":\"PropertyValueSpecification\",\"valueRequired\":true,\"valueName\":\"search_term_string\"}}],\"inLanguage\":\"it-IT\"}]}<\/script>\n<!-- \/ Yoast SEO plugin. -->","yoast_head_json":{"title":"Doudoune Edelweiss - Lucienne la Parisienne","robots":{"index":"index","follow":"follow","max-snippet":"max-snippet:-1","max-image-preview":"max-image-preview:large","max-video-preview":"max-video-preview:-1"},"canonical":"https:\/\/luciennelaparisienne.fr\/it\/prodotto\/doudoune-edelweiss\/","og_locale":"it_IT","og_type":"article","og_title":"Doudoune Edelweiss - Lucienne la Parisienne","og_description":"Doudoune Edelweiss La doudoune Edelweiss est un manteau \u00e0 la fois chaud, tr\u00e8s l\u00e9ger et imperm\u00e9able. Elle va prot\u00e9ger et chauffer votre teckel pendant les p\u00e9riodes de froid, de temps sec ou de pluie. Le manteau couvre tout le dos et a un col haut autour du cou pour bien [&hellip;]","og_url":"https:\/\/luciennelaparisienne.fr\/it\/prodotto\/doudoune-edelweiss\/","og_site_name":"Lucienne la Parisienne","article_modified_time":"2026-04-22T12:18:28+00:00","og_image":[{"width":600,"height":600,"url":"https:\/\/luciennelaparisienne.fr\/wp-content\/uploads\/2024\/10\/IMG_4612.webp","type":"image\/webp"}],"twitter_card":"summary_large_image","twitter_misc":{"Tempo di lettura stimato":"2 minuti"},"schema":{"@context":"https:\/\/schema.org","@graph":[{"@type":"WebPage","@id":"https:\/\/luciennelaparisienne.fr\/produit\/doudoune-edelweiss\/","url":"https:\/\/luciennelaparisienne.fr\/produit\/doudoune-edelweiss\/","name":"Doudoune Edelweiss - Lucienne la Parisienne","isPartOf":{"@id":"https:\/\/luciennelaparisienne.fr\/#website"},"primaryImageOfPage":{"@id":"https:\/\/luciennelaparisienne.fr\/produit\/doudoune-edelweiss\/#primaryimage"},"image":{"@id":"https:\/\/luciennelaparisienne.fr\/produit\/doudoune-edelweiss\/#primaryimage"},"thumbnailUrl":"https:\/\/luciennelaparisienne.fr\/wp-content\/uploads\/2024\/10\/IMG_4612.webp","datePublished":"2024-10-07T15:41:50+00:00","dateModified":"2026-04-22T12:18:28+00:00","breadcrumb":{"@id":"https:\/\/luciennelaparisienne.fr\/produit\/doudoune-edelweiss\/#breadcrumb"},"inLanguage":"it-IT","potentialAction":[{"@type":"ReadAction","target":["https:\/\/luciennelaparisienne.fr\/produit\/doudoune-edelweiss\/"]}]},{"@type":"ImageObject","inLanguage":"it-IT","@id":"https:\/\/luciennelaparisienne.fr\/produit\/doudoune-edelweiss\/#primaryimage","url":"https:\/\/luciennelaparisienne.fr\/wp-content\/uploads\/2024\/10\/IMG_4612.webp","contentUrl":"https:\/\/luciennelaparisienne.fr\/wp-content\/uploads\/2024\/10\/IMG_4612.webp","width":600,"height":600},{"@type":"BreadcrumbList","@id":"https:\/\/luciennelaparisienne.fr\/produit\/doudoune-edelweiss\/#breadcrumb","itemListElement":[{"@type":"ListItem","position":1,"name":"Accueil","item":"https:\/\/luciennelaparisienne.fr\/"},{"@type":"ListItem","position":2,"name":"Boutique","item":"https:\/\/luciennelaparisienne.fr\/shop\/"},{"@type":"ListItem","position":3,"name":"Doudoune Edelweiss"}]},{"@type":"WebSite","@id":"https:\/\/luciennelaparisienne.fr\/#website","url":"https:\/\/luciennelaparisienne.fr\/","name":"Lucienne la Parisienne","description":"Produits pour Teckels","potentialAction":[{"@type":"SearchAction","target":{"@type":"EntryPoint","urlTemplate":"https:\/\/luciennelaparisienne.fr\/?s={search_term_string}"},"query-input":{"@type":"PropertyValueSpecification","valueRequired":true,"valueName":"search_term_string"}}],"inLanguage":"it-IT"}]}},"_links":{"self":[{"href":"https:\/\/luciennelaparisienne.fr\/it\/wp-json\/wp\/v2\/product\/9629","targetHints":{"allow":["GET"]}}],"collection":[{"href":"https:\/\/luciennelaparisienne.fr\/it\/wp-json\/wp\/v2\/product"}],"about":[{"href":"https:\/\/luciennelaparisienne.fr\/it\/wp-json\/wp\/v2\/types\/product"}],"replies":[{"embeddable":true,"href":"https:\/\/luciennelaparisienne.fr\/it\/wp-json\/wp\/v2\/comments?post=9629"}],"wp:featuredmedia":[{"embeddable":true,"href":"https:\/\/luciennelaparisienne.fr\/it\/wp-json\/wp\/v2\/media\/15753"}],"wp:attachment":[{"href":"https:\/\/luciennelaparisienne.fr\/it\/wp-json\/wp\/v2\/media?parent=9629"}],"wp:term":[{"taxonomy":"product_brand","embeddable":true,"href":"https:\/\/luciennelaparisienne.fr\/it\/wp-json\/wp\/v2\/product_brand?post=9629"},{"taxonomy":"product_cat","embeddable":true,"href":"https:\/\/luciennelaparisienne.fr\/it\/wp-json\/wp\/v2\/product_cat?post=9629"},{"taxonomy":"product_tag","embeddable":true,"href":"https:\/\/luciennelaparisienne.fr\/it\/wp-json\/wp\/v2\/product_tag?post=9629"}],"curies":[{"name":"wp","href":"https:\/\/api.w.org\/{rel}","templated":true}]}}

<p><strong>Doudoune Edelweiss</strong><br />
<span style="font-size: 10pt;">La doudoune Edelweiss est un manteau à la fois chaud, très léger et imperméable. Elle va protéger et chauffer votre teckel pendant les périodes de froid, de temps sec ou de pluie. Le manteau couvre tout le dos et a un col haut autour du cou pour bien garder la chaleur.</span><br />
<span style="font-size: 10pt;">Il materiale è idrorepellente, la piumino è molto caldo ed è perfetto per i teckel freddolosi o che amano passare le vacanze sulla neve! Finalmente il tuo teckel può godersi la neve!</span><br />
<span style="font-size: 10pt;">Remplissage en polyester donc lavage et séchage facile et rapide. En intérieur elle est en polaire très doux.</span><br />
<span style="font-size: 10pt;">Très facile à mettre, il suffit de la glisser sur la tête de votre chien. Une ouverture pour le harnais est prévue sur le haut du dos de la doudoune. Il y a une deuxième ouverture pour le collier au niveau de la base du cou. Elle se ferme en boucle avec les sangles réglables sur le dos. Il y a deux élastiques réglables pour fixer le manteau aux pattes pour ceux qui préfèrent.</span></p>
<p><strong>Caratteristiche:</strong><br />
<span style="font-size: 10pt;">Colore: rosso, nero, blu scuro, giallo e nero sul ventre.</span><br />
<span style="font-size: 10pt;">Tessuto: 84% Poliestere, 16% Poliamide</span></p>
<p><strong>Manutenzione:</strong> <span style="font-size: 10pt;">Lavaggio a mano o in lavatrice a 30 °C. Strizzatura e asciugatura leggera.</span></p>
<p><strong>Disponible en tailles :</strong><br />
<span style="font-size: 10pt;">XXS: Bassotto Kaninchen 3-4 kg</span><br />
<span style="font-size: 10pt;">XS : Teckel Nain 5 kg</span><br />
<span style="font-size: 10pt;">S: Bassotto Nano 6-7 kg</span><br />
<span style="font-size: 10pt;">M : Teckel Standard 8-8,5 kg</span><br />
<span style="font-size: 10pt;">L : Teckel grand Standard 9-10 kg</span><br />
<span style="font-size: 10pt;">XL : Teckel grand Standard 10 kg +</span><br />
<span style="font-size: 10pt;">Le taglie XXS e XL sono disponibili solo su prenotazione e dopo il pagamento.</span><br />
<span style="font-size: 10pt;">È possibile ordinare su misura, grazie di <a href="https://luciennelaparisienne.fr/contactez-nous/"><strong>contattarci tramite la sezione contatti</strong></a>.</span><br />
<span style="font-size: 10pt;"><strong>La produzione su misura avviene dopo il pagamento e richiede 2 settimane.</strong></span></p>
<p><em>Merci de noter que les couleurs visibles sur les photos peuvent légèrement varier selon les écrans.</em></p>

<p>Doudoune Edelweiss La doudoune Edelweiss est un manteau à la fois chaud, très léger et imperméable. Elle va protéger et chauffer votre teckel pendant les périodes de froid, de temps sec ou de pluie. Le manteau couvre tout le dos et a un col haut autour du cou pour bien [&hellip;]</p>

<!-- This site is optimized with the Yoast SEO plugin v26.6 - https://yoast.com/wordpress/plugins/seo/ -->
<title>Doudoune Edelweiss - Lucienne la Parisienne</title>
<meta name="robots" content="index, follow, max-snippet:-1, max-image-preview:large, max-video-preview:-1" />
<link rel="canonical" href="https://luciennelaparisienne.fr/it/prodotto/doudoune-edelweiss/" />
<meta property="og:locale" content="it_IT" />
<meta property="og:type" content="article" />
<meta property="og:title" content="Doudoune Edelweiss - Lucienne la Parisienne" />
<meta property="og:description" content="Doudoune Edelweiss La doudoune Edelweiss est un manteau à la fois chaud, très léger et imperméable. Elle va protéger et chauffer votre teckel pendant les périodes de froid, de temps sec ou de pluie. Le manteau couvre tout le dos et a un col haut autour du cou pour bien [&hellip;]" />
<meta property="og:url" content="https://luciennelaparisienne.fr/it/prodotto/doudoune-edelweiss/" />
<meta property="og:site_name" content="Lucienne la Parisienne" />
<meta property="article:modified_time" content="2026-04-22T12:18:28+00:00" />
<meta property="og:image" content="https://luciennelaparisienne.fr/wp-content/uploads/2024/10/IMG_4612.webp" />
	<meta property="og:image:width" content="600" />
	<meta property="og:image:height" content="600" />
	<meta property="og:image:type" content="image/webp" />
<meta name="twitter:card" content="summary_large_image" />
<meta name="twitter:label1" content="Tempo di lettura stimato" />
	<meta name="twitter:data1" content="2 minuti" />
<script type="application/ld+json" class="yoast-schema-graph">{"@context":"https://schema.org","@graph":[{"@type":"WebPage","@id":"https://luciennelaparisienne.fr/produit/doudoune-edelweiss/","url":"https://luciennelaparisienne.fr/produit/doudoune-edelweiss/","name":"Doudoune Edelweiss - Lucienne la Parisienne","isPartOf":{"@id":"https://luciennelaparisienne.fr/#website"},"primaryImageOfPage":{"@id":"https://luciennelaparisienne.fr/produit/doudoune-edelweiss/#primaryimage"},"image":{"@id":"https://luciennelaparisienne.fr/produit/doudoune-edelweiss/#primaryimage"},"thumbnailUrl":"https://luciennelaparisienne.fr/wp-content/uploads/2024/10/IMG_4612.webp","datePublished":"2024-10-07T15:41:50+00:00","dateModified":"2026-04-22T12:18:28+00:00","breadcrumb":{"@id":"https://luciennelaparisienne.fr/produit/doudoune-edelweiss/#breadcrumb"},"inLanguage":"it-IT","potentialAction":[{"@type":"ReadAction","target":["https://luciennelaparisienne.fr/produit/doudoune-edelweiss/"]}]},{"@type":"ImageObject","inLanguage":"it-IT","@id":"https://luciennelaparisienne.fr/produit/doudoune-edelweiss/#primaryimage","url":"https://luciennelaparisienne.fr/wp-content/uploads/2024/10/IMG_4612.webp","contentUrl":"https://luciennelaparisienne.fr/wp-content/uploads/2024/10/IMG_4612.webp","width":600,"height":600},{"@type":"BreadcrumbList","@id":"https://luciennelaparisienne.fr/produit/doudoune-edelweiss/#breadcrumb","itemListElement":[{"@type":"ListItem","position":1,"name":"Accueil","item":"https://luciennelaparisienne.fr/"},{"@type":"ListItem","position":2,"name":"Boutique","item":"https://luciennelaparisienne.fr/shop/"},{"@type":"ListItem","position":3,"name":"Doudoune Edelweiss"}]},{"@type":"WebSite","@id":"https://luciennelaparisienne.fr/#website","url":"https://luciennelaparisienne.fr/","name":"Lucienne la Parisienne","description":"Produits pour Teckels","potentialAction":[{"@type":"SearchAction","target":{"@type":"EntryPoint","urlTemplate":"https://luciennelaparisienne.fr/?s={search_term_string}"},"query-input":{"@type":"PropertyValueSpecification","valueRequired":true,"valueName":"search_term_string"}}],"inLanguage":"it-IT"}]}</script>
<!-- / Yoast SEO plugin. -->

Doudoune Edelweiss La doudoune Edelweiss est un manteau à la fois chaud, très léger et imperméable. Elle va protéger et chauffer votre teckel pendant les périodes de froid, de temps sec ou de pluie. Le manteau couvre tout le dos et a un col haut autour du cou pour bien [&hellip;]
